{"id":1021,"date":"2015-07-09T15:20:01","date_gmt":"2015-07-09T15:20:01","guid":{"rendered":"http:\/\/neu.wasserwacht-toeging.de\/?page_id=1021"},"modified":"2015-07-09T15:20:01","modified_gmt":"2015-07-09T15:20:01","slug":"einsatz-124-2015","status":"publish","type":"page","link":"https:\/\/www.wasserwacht-toeging.de\/?page_id=1021","title":{"rendered":"Einsatz 124 2015"},"content":{"rendered":"<div class=\"entry-content cf\">\n<p><strong>Datum:<\/strong> 09.07.2015<br \/>\n<strong>Einsatzbeginn:<\/strong> 01:00 Uhr<br \/>\n<strong>Einsatzart: <\/strong><span style=\"text-decoration: underline;\">SEG-Einsatz<\/span><br \/>\n<strong>Einsatzort:<\/strong><span style=\"text-decoration: underline;\"> Innkanal<\/span> in T\u00f6ging<br \/>\n<strong>Einsatzstichwort:<\/strong> <span style=\"text-decoration: underline;\">Suizidandrohung<\/span><\/p>\n<hr \/>\n<p><strong>Einsatzkr\u00e4fte:<\/strong> 6<br \/>\n<strong>Eingesetzte Fahrzeuge:<\/strong><br \/>\nKommandowagen 10\/1<br \/>\nGer\u00e4tewagen-Boot 91\/1<br \/>\nMotorrettungsboot 99\/1<\/p>\n<p><strong>Weitere Einsatzkr\u00e4fte:<br \/>\n<\/strong>HvO T\u00f6ging<strong><br \/>\n<\/strong>NEF M\u00fchldorf<br \/>\nRTW M\u00fchldorf<\/p>\n<p>Feuerwehr T\u00f6ging a.Inn<\/p>\n<p>Polizei Alt\u00f6tting<\/p>\n<hr \/>\n<p><strong>Bericht:<\/strong><br \/>\nDie Wasserwacht wurde durch die Feuerwehr zu einer Vermisstensuche nach Suizidandrohung nachalarmiert. Nach kurzer Zeit konnte die gesuchte Person durch eine Polizeistreife unversehrt aufgefunden werden.<\/p>\n<\/div>\n","protected":false},"excerpt":{"rendered":"<p>Datum: 09.07.2015 Einsatzbeginn: 01:00 Uhr Einsatzart: SEG-Einsatz Einsatzort: Innkanal in T\u00f6ging Einsatzstichwort: Suizidandrohung Einsatzkr\u00e4fte: 6 Eingesetzte Fahrzeuge: Kommandowagen 10\/1 Ger\u00e4tewagen-Boot 91\/1 Motorrettungsboot 99\/1 Weitere Einsatzkr\u00e4fte: HvO T\u00f6ging NEF M\u00fchldorf RTW M\u00fchldorf Feuerwehr T\u00f6ging a.Inn Polizei Alt\u00f6tting Bericht: Die Wasserwacht wurde&#46;&#46;&#46;<\/p>\n","protected":false},"author":1,"featured_media":0,"parent":0,"menu_order":0,"comment_status":"closed","ping_status":"closed","template":"","meta":{"footnotes":""},"class_list":["post-1021","page","type-page","status-publish","hentry"],"_links":{"self":[{"href":"https:\/\/www.wasserwacht-toeging.de\/index.php?rest_route=\/wp\/v2\/pages\/1021","targetHints":{"allow":["GET"]}}],"collection":[{"href":"https:\/\/www.wasserwacht-toeging.de\/index.php?rest_route=\/wp\/v2\/pages"}],"about":[{"href":"https:\/\/www.wasserwacht-toeging.de\/index.php?rest_route=\/wp\/v2\/types\/page"}],"author":[{"embeddable":true,"href":"https:\/\/www.wasserwacht-toeging.de\/index.php?rest_route=\/wp\/v2\/users\/1"}],"replies":[{"embeddable":true,"href":"https:\/\/www.wasserwacht-toeging.de\/index.php?rest_route=%2Fwp%2Fv2%2Fcomments&post=1021"}],"version-history":[{"count":1,"href":"https:\/\/www.wasserwacht-toeging.de\/index.php?rest_route=\/wp\/v2\/pages\/1021\/revisions"}],"predecessor-version":[{"id":1022,"href":"https:\/\/www.wasserwacht-toeging.de\/index.php?rest_route=\/wp\/v2\/pages\/1021\/revisions\/1022"}],"wp:attachment":[{"href":"https:\/\/www.wasserwacht-toeging.de\/index.php?rest_route=%2Fwp%2Fv2%2Fmedia&parent=1021"}],"curies":[{"name":"wp","href":"https:\/\/api.w.org\/{rel}","templated":true}]}}