{"id":124,"date":"2015-02-02T16:30:40","date_gmt":"2015-02-02T16:30:40","guid":{"rendered":"http:\/\/neu.wasserwacht-toeging.de\/?page_id=124"},"modified":"2025-03-23T13:20:28","modified_gmt":"2025-03-23T12:20:28","slug":"foerderverein","status":"publish","type":"page","link":"https:\/\/www.wasserwacht-toeging.de\/?page_id=124","title":{"rendered":"F\u00f6rderverein"},"content":{"rendered":"<div class=\"wp-block-image\">\n<figure class=\"aligncenter size-medium\"><a href=\"https:\/\/www.wasserwacht-toeging.de\/wp-content\/uploads\/2015\/02\/logo-f\u00f6rderverein-gro\u00df.jpg\"><img loading=\"lazy\" decoding=\"async\" width=\"300\" height=\"172\" src=\"https:\/\/www.wasserwacht-toeging.de\/wp-content\/uploads\/2015\/02\/logo-f\u00f6rderverein-gro\u00df-300x172.jpg\" alt=\"\" class=\"wp-image-505\" srcset=\"https:\/\/www.wasserwacht-toeging.de\/wp-content\/uploads\/2015\/02\/logo-f\u00f6rderverein-gro\u00df-300x172.jpg 300w, https:\/\/www.wasserwacht-toeging.de\/wp-content\/uploads\/2015\/02\/logo-f\u00f6rderverein-gro\u00df-1024x588.jpg 1024w, https:\/\/www.wasserwacht-toeging.de\/wp-content\/uploads\/2015\/02\/logo-f\u00f6rderverein-gro\u00df.jpg 1202w\" sizes=\"auto, (max-width: 300px) 100vw, 300px\" \/><\/a><\/figure>\n<\/div>\n\n\n<p>Der F\u00f6rderverein &#8222;f\u00fcr die Wasserwacht T\u00f6ging&#8220; e.V. wurde am 5. Juli 1991 im Gasthaus Gillhuber in T\u00f6ging gegr\u00fcndet. Hauptinitiator und Vorsitzender der ersten Jahre war Klaus Oberbuchner, aktives Mitglied der Wasserwacht-Ortsgruppe.<br>Aktueller Anlass war damals, die Finanzierung eines zweiten Einsatzfahrzeuges f\u00fcr die Wasserwacht T\u00f6ging zu gew\u00e4hrleisten. Der Zweck des beim Amtsgericht Al\u00f6tting eingetragenen Vereines ist es, den Kampf gegen den Ertrinkungstod und die Hilfeleistung zu Wasser und zu Lande finanziell zu unterst\u00fctzen.<\/p>\n\n\n\n<p>Bei der Gr\u00fcndungsversammlung waren 29 Personen anwesend, von denen 22 spontan dem Verein beitraten. Der Jahresmindestmitgliedsbeitrag betrug damals f\u00fcr Sch\u00fcler und Studenten 25,- DM, f\u00fcr Erwachsene 50,- DM. Im Vorfeld war eine Satzung entworfen worden, die mit kleinen Ausnahmen heute noch G\u00fcltigkeit hat.<\/p>\n\n\n\n<p>1997 \u00fcbernahm Silke Ebner das Amt der 1.Vorsitzenden. Am 31.Oktober 2003 wurde Reinhard Wiedenmannott zum 1.Vorsitzenden des Vereines gew\u00e4hlt. Dieses Amt \u00fcbernahm im Jahr 2009 Dominik Joachimbauer und in j\u00fcngeren Jahren Veronika Blaschke und Anita Wendt-Wallner.<\/p>\n\n\n\n<p>Folgende Ger\u00e4te und Gegenst\u00e4nde wurden bislang vom Verein beschafft oder bezuschusst (Auszug):<\/p>\n\n\n\n<ul class=\"wp-block-list\">\n<li>Kommandowagen KdoW (2 Fahrzeuge)<\/li>\n\n\n\n<li>Mannschaftstransportwagen MTW<\/li>\n\n\n\n<li>Schlauchboot<\/li>\n\n\n\n<li>PCs f\u00fcr die Einsatzzentrale<\/li>\n\n\n\n<li>Navigationsger\u00e4t f\u00fcr den Kommandowagen<\/li>\n\n\n\n<li>leistungsstarker Stromerzeuger<\/li>\n\n\n\n<li>Ersatz f\u00fcr den \u00fcber 20 Jahre alten Mannschaftswagen im Jahr 2012<\/li>\n\n\n\n<li>und viele weitere Bezuschussungen<\/li>\n<\/ul>\n\n\n\n<p>Das Zuschussvolumen betrug bisher insgesamt rund 150.000 \u20ac.<\/p>\n\n\n\n<p>Erwirtschaftet wurden diese Gelder durch Mitgliedsbeitr\u00e4ge und Spenden, in erster Linie aber durch Veranstaltungen wie Sommernachts- und Familienfeste sowie Teilnahmen an Weihnachts-, Herbst- und Flohm\u00e4rkten.<\/p>\n\n\n\n<hr class=\"wp-block-separator has-alpha-channel-opacity\"\/>\n\n\n\n<p class=\"has-text-align-center\"><strong>Werden Sie Mitglied beim F\u00f6rderverein!<\/strong><br>Den Mitgliedsantrag k\u00f6nnen Sie hier herunterladen:<\/p>\n\n\n\n<div class=\"wp-block-file aligncenter\"><a id=\"wp-block-file--media-7ea0ab50-c8ce-418f-975b-83e1a5db0c05\" href=\"https:\/\/www.wasserwacht-toeging.de\/wp-content\/uploads\/2025\/03\/Mitgliedsantrag.pdf\">Mitgliedsantrag F\u00f6rderverein<\/a><a href=\"https:\/\/www.wasserwacht-toeging.de\/wp-content\/uploads\/2025\/03\/Mitgliedsantrag.pdf\" class=\"wp-block-file__button wp-element-button\" download aria-describedby=\"wp-block-file--media-7ea0ab50-c8ce-418f-975b-83e1a5db0c05\">Herunterladen<\/a><\/div>\n\n\n\n<hr class=\"wp-block-separator has-alpha-channel-opacity\"\/>\n\n\n\n<p class=\"has-text-align-center\"><strong>Spendenkonto des F\u00f6rdervereins:<\/strong><\/p>\n\n\n\n<h4 class=\"wp-block-heading has-text-align-center\"><strong>IBAN: DE66 7115 1020 0000 7222 23<\/strong><br><strong>BIC: BYLADEM1MDF<\/strong><\/h4>\n\n\n\n<figure class=\"wp-block-table\"><table class=\"has-fixed-layout\"><tbody><tr><td class=\"has-text-align-center\" data-align=\"center\"><img loading=\"lazy\" decoding=\"async\" width=\"100\" height=\"150\" class=\"wp-image-4796\" style=\"width: 100px;\" src=\"https:\/\/www.wasserwacht-toeging.de\/wp-content\/uploads\/2022\/01\/Wendt_Amita-scaled.jpg\" alt=\"\" srcset=\"https:\/\/www.wasserwacht-toeging.de\/wp-content\/uploads\/2022\/01\/Wendt_Amita-scaled.jpg 1707w, https:\/\/www.wasserwacht-toeging.de\/wp-content\/uploads\/2022\/01\/Wendt_Amita-200x300.jpg 200w, https:\/\/www.wasserwacht-toeging.de\/wp-content\/uploads\/2022\/01\/Wendt_Amita-683x1024.jpg 683w, https:\/\/www.wasserwacht-toeging.de\/wp-content\/uploads\/2022\/01\/Wendt_Amita-768x1152.jpg 768w, https:\/\/www.wasserwacht-toeging.de\/wp-content\/uploads\/2022\/01\/Wendt_Amita-1024x1536.jpg 1024w, https:\/\/www.wasserwacht-toeging.de\/wp-content\/uploads\/2022\/01\/Wendt_Amita-1366x2048.jpg 1366w\" sizes=\"auto, (max-width: 100px) 100vw, 100px\" \/><\/td><td><strong>Anita Wendt-Wallner<\/strong><br><br>Vorsitzende des F\u00f6rdervereins<\/td><td><a href=\"mailto:anita.wendt@wasserwacht-toeging.de\">E-Mail<\/a><\/td><\/tr><tr><td class=\"has-text-align-center\" data-align=\"center\"><\/td><td><strong>Veronika Blaschke<\/strong><br><br>Stellvertretende Vorsitzende des F\u00f6rdervereins<\/td><td><a href=\"mailto:veronika.blaschke@wasserwacht-toeging.de\">E-Mail<\/a><\/td><\/tr><\/tbody><\/table><\/figure>\n\n\n\n<p><\/p>\n","protected":false},"excerpt":{"rendered":"<p>Der F\u00f6rderverein &#8222;f\u00fcr die Wasserwacht T\u00f6ging&#8220; e.V. wurde am 5. Juli 1991 im Gasthaus Gillhuber in T\u00f6ging gegr\u00fcndet. Hauptinitiator und Vorsitzender der ersten Jahre war Klaus Oberbuchner, aktives Mitglied der Wasserwacht-Ortsgruppe.Aktueller Anlass war damals, die Finanzierung eines zweiten Einsatzfahrzeuges f\u00fcr&#46;&#46;&#46;<\/p>\n","protected":false},"author":1,"featured_media":0,"parent":0,"menu_order":0,"comment_status":"closed","ping_status":"closed","template":"","meta":{"footnotes":""},"class_list":["post-124","page","type-page","status-publish","hentry"],"_links":{"self":[{"href":"https:\/\/www.wasserwacht-toeging.de\/index.php?rest_route=\/wp\/v2\/pages\/124","targetHints":{"allow":["GET"]}}],"collection":[{"href":"https:\/\/www.wasserwacht-toeging.de\/index.php?rest_route=\/wp\/v2\/pages"}],"about":[{"href":"https:\/\/www.wasserwacht-toeging.de\/index.php?rest_route=\/wp\/v2\/types\/page"}],"author":[{"embeddable":true,"href":"https:\/\/www.wasserwacht-toeging.de\/index.php?rest_route=\/wp\/v2\/users\/1"}],"replies":[{"embeddable":true,"href":"https:\/\/www.wasserwacht-toeging.de\/index.php?rest_route=%2Fwp%2Fv2%2Fcomments&post=124"}],"version-history":[{"count":17,"href":"https:\/\/www.wasserwacht-toeging.de\/index.php?rest_route=\/wp\/v2\/pages\/124\/revisions"}],"predecessor-version":[{"id":6335,"href":"https:\/\/www.wasserwacht-toeging.de\/index.php?rest_route=\/wp\/v2\/pages\/124\/revisions\/6335"}],"wp:attachment":[{"href":"https:\/\/www.wasserwacht-toeging.de\/index.php?rest_route=%2Fwp%2Fv2%2Fmedia&parent=124"}],"curies":[{"name":"wp","href":"https:\/\/api.w.org\/{rel}","templated":true}]}}