{"id":1271,"date":"2015-08-09T08:33:45","date_gmt":"2015-08-09T08:33:45","guid":{"rendered":"http:\/\/neu.wasserwacht-toeging.de\/?page_id=1271"},"modified":"2015-09-04T13:56:47","modified_gmt":"2015-09-04T13:56:47","slug":"einsatz-342-2015","status":"publish","type":"page","link":"https:\/\/www.wasserwacht-toeging.de\/?page_id=1271","title":{"rendered":"Einsatz 350 2015"},"content":{"rendered":"<div class=\"entry-content cf\">\n<p><strong>Datum:<\/strong> 06.08.2015<br \/>\n<strong>Einsatzbeginn:<\/strong> 15:00 Uhr<br \/>\n<strong>Einsatzart: <\/strong><span style=\"text-decoration: underline;\">Notarzteinsatz Freibad<\/span><br \/>\n<strong>Einsatzort:<\/strong> <span style=\"text-decoration: underline;\">Freibad Hubm\u00fchle<\/span> in T\u00f6ging<br \/>\n<strong>Einsatzstichwort:<\/strong> <span style=\"text-decoration: underline;\">Verkehrsunfall<\/span><\/p>\n<hr \/>\n<p><strong>Einsatzkr\u00e4fte:<\/strong> 1<br \/>\n<strong>Eingesetzte Fahrzeuge:<\/strong> &#8212;<\/p>\n<p><strong>Weitere Einsatzkr\u00e4fte:<br \/>\n<\/strong>NEF M\u00fchldorf<br \/>\nRTW M\u00fchldorf<\/p>\n<p>Polizei Alt\u00f6tting<\/p>\n<hr \/>\n<p><strong>Bericht:<\/strong><br \/>\nDie Wasserwacht an der Wachstation im Freibad Hubm\u00fchle wurde von Passanten verst\u00e4ndigt, dass sich auf der Badstra\u00dfe in der N\u00e4he des Freibades ein Verkehrsunfall mit einer Radfahrerin ereignet habe.<br \/>\nDie diensthabende Rettungsschwimmerin leistete Erste Hilfe und \u00fcbergab die Patientin an den Rettungsdienst.<\/p>\n<\/div>\n","protected":false},"excerpt":{"rendered":"<p>Datum: 06.08.2015 Einsatzbeginn: 15:00 Uhr Einsatzart: Notarzteinsatz Freibad Einsatzort: Freibad Hubm\u00fchle in T\u00f6ging Einsatzstichwort: Verkehrsunfall Einsatzkr\u00e4fte: 1 Eingesetzte Fahrzeuge: &#8212; Weitere Einsatzkr\u00e4fte: NEF M\u00fchldorf RTW M\u00fchldorf Polizei Alt\u00f6tting Bericht: Die Wasserwacht an der Wachstation im Freibad Hubm\u00fchle wurde von Passanten&#46;&#46;&#46;<\/p>\n","protected":false},"author":1,"featured_media":0,"parent":0,"menu_order":0,"comment_status":"closed","ping_status":"closed","template":"","meta":{"footnotes":""},"class_list":["post-1271","page","type-page","status-publish","hentry"],"_links":{"self":[{"href":"https:\/\/www.wasserwacht-toeging.de\/index.php?rest_route=\/wp\/v2\/pages\/1271","targetHints":{"allow":["GET"]}}],"collection":[{"href":"https:\/\/www.wasserwacht-toeging.de\/index.php?rest_route=\/wp\/v2\/pages"}],"about":[{"href":"https:\/\/www.wasserwacht-toeging.de\/index.php?rest_route=\/wp\/v2\/types\/page"}],"author":[{"embeddable":true,"href":"https:\/\/www.wasserwacht-toeging.de\/index.php?rest_route=\/wp\/v2\/users\/1"}],"replies":[{"embeddable":true,"href":"https:\/\/www.wasserwacht-toeging.de\/index.php?rest_route=%2Fwp%2Fv2%2Fcomments&post=1271"}],"version-history":[{"count":2,"href":"https:\/\/www.wasserwacht-toeging.de\/index.php?rest_route=\/wp\/v2\/pages\/1271\/revisions"}],"predecessor-version":[{"id":1592,"href":"https:\/\/www.wasserwacht-toeging.de\/index.php?rest_route=\/wp\/v2\/pages\/1271\/revisions\/1592"}],"wp:attachment":[{"href":"https:\/\/www.wasserwacht-toeging.de\/index.php?rest_route=%2Fwp%2Fv2%2Fmedia&parent=1271"}],"curies":[{"name":"wp","href":"https:\/\/api.w.org\/{rel}","templated":true}]}}