{"id":130,"date":"2015-02-02T16:31:26","date_gmt":"2015-02-02T16:31:26","guid":{"rendered":"http:\/\/neu.wasserwacht-toeging.de\/?page_id=130"},"modified":"2025-11-10T14:03:13","modified_gmt":"2025-11-10T13:03:13","slug":"impressum","status":"publish","type":"page","link":"https:\/\/www.wasserwacht-toeging.de\/?page_id=130","title":{"rendered":"Impressum"},"content":{"rendered":"<div id=\"c29\" class=\"o-cms-content\">\n<h3 class=\"o-cms-content__headline\">Anbieterkennung<\/h3>\n<div class=\"o-cms-content__body\">\n<div class=\"o-media o-media--stacked\">\n<div class=\"o-media__body\">\n<p>Bayerisches Rotes Kreuz<br \/>\nK\u00f6rperschaft des \u00f6ffentlichen Rechts<\/p>\n<p>vertreten durch das Pr\u00e4sidium<\/p>\n<p>Bauernfeindstra\u00dfe 17<br \/>\n80939 M\u00fcnchen<\/p>\n<p>Pr\u00e4sidentin: Angelika Schorer<\/p>\n<p>Landesgesch\u00e4ftsf\u00fchrer: Robert Augustin<br \/>\nTel:\u00a0 (0 89) 92 41 &#8211; 0<br \/>\nFax: (0 89) 92 41 &#8211; 12 00<br \/>\n<a title=\"Kontakt\" href=\"http:\/\/www.kvaltoetting.brk.de\/mail-formulare\/kontaktformular-brkde.html\">Kontakt<\/a><\/p>\n<p>Internet:\u00a0<a title=\"\u00d6ffnet externen Link in neuem Fenster\" href=\"http:\/\/www.brk.de\/\" target=\"_self\" rel=\"noopener\">www.brk.de<\/a><\/p>\n<p>USt-Id.-Nr.: DE129523533<\/p>\n<h5>Ihr \u00f6rtlicher Ansprechpartner:<\/h5>\n<p>Bayerisches Rotes Kreuz<br \/>\nKreisverband Alt\u00f6tting<br \/>\nRaitenharter Str. 8<br \/>\n84503 Alt\u00f6tting<br \/>\nTelefon\u00a0 (08671) 50 66 &#8211; 0<br \/>\nTelefax\u00a0 (08671) 50 66 &#8211; 30<br \/>\nE-Mail:\u00a0<a title=\"\u00d6ffnet internen Link im aktuellen Fenster\" href=\"http:\/\/www.kvaltoetting.brk.de\/mail-formulare\/kontaktformular-info.html\">info@kvaltoetting.brk.de<\/a><\/p>\n<p>Kreisgesch\u00e4ftsf\u00fchrer Josef Jung<br \/>\n<a title=\"Kontakt\" href=\"http:\/\/www.kvaltoetting.brk.de\/mail-formulare\/kontaktformular-jung.html\">Kontakt<\/a><\/p>\n<p>Diese Informationen enthalten die gesetzlich vorgesehenen Pflichtangaben zur Anbieterkennzeichnung zur Internetpr\u00e4senz des Bayerischen Roten Kreuzes, welcher ein Mitgliedsverbandes des Deutschen Roten Kreuzes e.V. ist.\u00a0Dieses Impressum gilt ebenso f\u00fcr die\u00a0BRK-Seiten bei Facebook\u00a0und anderen sozialen Netzwerken.<\/p>\n<h3>Vereinsregistereintrag des DRK e.V.<\/h3>\n<p>Das Deutsche Rote Kreuz e.V. ist im Vereinsregister beim Amtsgericht Berlin-Charlottenburg unter der Registernummer 95 VR 590 B eingetragen.<\/p>\n<h3>Vertretungsberechtigte des DRK e.V.<\/h3>\n<p>Das Deutsche Rote Kreuz e.V. wird gesetzlich vertreten durch Christian Reuter, Generalsekret\u00e4r und Vorsitzender des Vorstands.<\/p>\n<h3 class=\"o-cms-content__headline\">Rechtsstellung und Vertretungsberechtigte des Bayerischen Roten Kreuzes (BRK)<\/h3>\n<p>Das Bayerische Rote Kreuz ist gem\u00e4\u00df Gesetz \u00fcber die Rechtsstellung des Bayerischen Roten Kreuzes vom 16.07.1986, ge\u00e4ndert durch Gesetz vom 27.12.1999, eine K\u00f6rperschaft des \u00f6ffentlichen Rechts mit dem Sitz in M\u00fcnchen. Weiteres wird in der BRK-Satzung geregelt.<\/p>\n<p>Das Bayerische Rote Kreuz, Kd\u00f6R, wird gesetzlich vertreten durch den Pr\u00e4sidenten. Der Pr\u00e4sident wird im \u00f6rtlichen und sachlichen Zust\u00e4ndigkeitsbereich der Bezirks- (\u00a7\u00a7 33 und 34 der BRK-Satzung) und Kreisverb\u00e4nde (\u00a7\u00a723 und 24 der BRK-Satzung) durch deren jeweiligen Vorsitzenden vertreten.<\/p>\n<p>Der Kreisgesch\u00e4ftsf\u00fchrer ist im Rahmen seiner satzungsgem\u00e4\u00dfen Aufgaben bevollm\u00e4chtigt, alleine zu handeln.<\/p>\n<p>Umsatzsteueridentifikationsnummer<br \/>\nDE 122123471<\/p>\n<p>Steuernummer f\u00fcr K\u00f6rperschaften<br \/>\n27\/630\/50727<\/p>\n<h4 class=\"o-cms-content__headline\">Haftungsausschluss<\/h4>\n<\/div>\n<\/div>\n<\/div>\n<\/div>\n<div id=\"c30\" class=\"o-cms-content\">\n<div class=\"o-cms-content__body\">\n<div class=\"o-media o-media--stacked\">\n<div class=\"o-media__body\">\n<h3>1. Inhalt der Seiten<\/h3>\n<p>Der BRK-Kreisverband Alt\u00f6tting \u00fcbernimmt keinerlei Gew\u00e4hr f\u00fcr die Aktualit\u00e4t, Korrektheit, Vollst\u00e4ndigkeit oder Qualit\u00e4t der bereitgestellten Inhalte. Haftungsanspr\u00fcche gegen den\u00a0BRK-Kreisverband Alt\u00f6tting, welche sich auf Sch\u00e4den materieller oder ideeller Art beziehen, die durch die Nutzung oder Nichtnutzung der dargebotenen Informationen bzw. durch die Nutzung fehlerhafter und unvollst\u00e4ndiger Informationen verursacht wurden, sind grunds\u00e4tzlich ausgeschlossen, sofern seitens des\u00a0BRK-Kreisverband Alt\u00f6tting\u00a0kein nachweislich vors\u00e4tzliches oder grob fahrl\u00e4ssiges Verschulden vorliegt.<\/p>\n<h3>2. Verweise und Links<\/h3>\n<p>Die Verantwortlichkeit des Diensteanbieters beschr\u00e4nkt sich gem\u00e4\u00df \u00a7 7 Abs. 1 TMG ausschlie\u00dflich auf die vom Diensteanbieter bereitgehaltenen eigenen Inhalte. Dar\u00fcber hinaus enth\u00e4lt die Website auch entsprechend gekennzeichnete Verweise oder Links auf Websites Dritter. Auf die aktuelle und zuk\u00fcnftige Gestaltung, die Inhalte oder die Urheberschaft der verlinkten\/verkn\u00fcpften Seiten hat der\u00a0BRK-Kreisverband Alt\u00f6tting\u00a0keinerlei Einfluss. F\u00fcr den Inhalt der Seite ist allein der jeweilige Anbieter der Seite verantwortlich, weshalb derBRK-Kreisverband Alt\u00f6tting\u00a0diesbez\u00fcglich keine Gew\u00e4hr \u00fcbernimmt.<\/p>\n<p>Der\u00a0BRK-Kreisverband Alt\u00f6tting\u00a0erkl\u00e4rt hiermit ausdr\u00fccklich, dass zum Zeitpunkt der Linksetzung keine illegalen Inhalte auf den zu verlinkenden Seiten erkennbar waren. Eine permanente inhaltliche Kontrolle der verlinkten Seiten ohne konkrete Anhaltspunkte einer Rechtsverletzung ist jedoch nicht zumutbar. Bei Bekanntwerden von Rechtsverletzungen werden derartige Links umgehend entfernt.<\/p>\n<h3>3. Urheber- und Kennzeichenrecht<\/h3>\n<p>Der\u00a0BRK-Kreisverband Alt\u00f6tting\u00a0ist bestrebt, in allen Publikationen die Urheberrechte der verwendeten Bilder, Grafiken, Tondokumente, Videosequenzen und Texte zu beachten, von ihm selbst erstellte Bilder, Grafiken, Tondokumente, Videosequenzen und Texte zu nutzen oder auf lizenzfreie Grafiken, Tondokumente, Videosequenzen und Texte zur\u00fcckzugreifen.<\/p>\n<p>Alle innerhalb des Internetangebotes genannten und ggf. durch Dritte gesch\u00fctzten Marken- und Warenzeichen unterliegen uneingeschr\u00e4nkt den Bestimmungen des jeweils g\u00fcltigen Kennzeichenrechts und den Besitzrechten der jeweiligen eingetragenen Eigent\u00fcmer. Allein aufgrund der blo\u00dfen Nennung ist nicht der Schluss zu ziehen, dass Markenzeichen nicht durch Rechte Dritter gesch\u00fctzt sind!<\/p>\n<p>Das Copyright f\u00fcr ver\u00f6ffentlichte, vom\u00a0BRK-Kreisverband Alt\u00f6tting selbst erstellte Objekte bleibt allein beim BRK-Kreisverband Alt\u00f6tting. Eine Vervielf\u00e4ltigung, Bearbeitung, Verbreitung und jede Art der Verwertung au\u00dferhalb der Grenzen des Urheberrechts solcher Grafiken, Tondokumente, Videosequenzen und Texte in anderen elektronischen oder gedruckten Publikationen bed\u00fcrfen der schriftlichen Zustimmung des Autors. Downloads und Kopien sind nur f\u00fcr den privaten, nicht aber den kommerziellen Gebrauch gestattet.<\/p>\n<h3>4. Rechtswirksamkeit dieses Haftungsausschlusses<\/h3>\n<p>Dieser Haftungsausschluss ist als Teil des Informationsangebotes zu betrachten, von dem aus auf diese Seite verwiesen wurde. Sofern Teile oder einzelne Formulierungen dieses Textes der geltenden Rechtslage nicht, nicht mehr oder nicht vollst\u00e4ndig entsprechen sollten, bleiben die \u00fcbrigen Teile des Dokumentes in ihrem Inhalt und ihrer G\u00fcltigkeit davon unber\u00fchrt.<\/p>\n<h3>5. Hinweis auf Streitschlichtung<\/h3>\n<p>Das BRK nimmt derzeit nicht an Streitbeilegungsverfahren vor einer Verbraucherschlichtungsstelle teil.<\/p>\n<\/div>\n<\/div>\n<\/div>\n<\/div>\n<div id=\"c16822\" class=\"o-cms-content\">\n<div class=\"o-cms-content__body\">\n<div class=\"o-media o-media--stacked\">\n<div class=\"o-media__body\">\n<p>Alle Inhalte und Fotos sind urheberrechtlich gesch\u00fctzt.<\/p>\n<\/div>\n<\/div>\n<\/div>\n<\/div>\n","protected":false},"excerpt":{"rendered":"<p>Anbieterkennung Bayerisches Rotes Kreuz K\u00f6rperschaft des \u00f6ffentlichen Rechts vertreten durch das Pr\u00e4sidium Bauernfeindstra\u00dfe 17 80939 M\u00fcnchen Pr\u00e4sidentin: Angelika Schorer Landesgesch\u00e4ftsf\u00fchrer: Robert Augustin Tel:\u00a0 (0 89) 92 41 &#8211; 0 Fax: (0 89) 92 41 &#8211; 12 00 Kontakt Internet:\u00a0www.brk.de USt-Id.-Nr.:&#46;&#46;&#46;<\/p>\n","protected":false},"author":1,"featured_media":0,"parent":0,"menu_order":0,"comment_status":"closed","ping_status":"closed","template":"","meta":{"footnotes":""},"class_list":["post-130","page","type-page","status-publish","hentry"],"_links":{"self":[{"href":"https:\/\/www.wasserwacht-toeging.de\/index.php?rest_route=\/wp\/v2\/pages\/130","targetHints":{"allow":["GET"]}}],"collection":[{"href":"https:\/\/www.wasserwacht-toeging.de\/index.php?rest_route=\/wp\/v2\/pages"}],"about":[{"href":"https:\/\/www.wasserwacht-toeging.de\/index.php?rest_route=\/wp\/v2\/types\/page"}],"author":[{"embeddable":true,"href":"https:\/\/www.wasserwacht-toeging.de\/index.php?rest_route=\/wp\/v2\/users\/1"}],"replies":[{"embeddable":true,"href":"https:\/\/www.wasserwacht-toeging.de\/index.php?rest_route=%2Fwp%2Fv2%2Fcomments&post=130"}],"version-history":[{"count":12,"href":"https:\/\/www.wasserwacht-toeging.de\/index.php?rest_route=\/wp\/v2\/pages\/130\/revisions"}],"predecessor-version":[{"id":6637,"href":"https:\/\/www.wasserwacht-toeging.de\/index.php?rest_route=\/wp\/v2\/pages\/130\/revisions\/6637"}],"wp:attachment":[{"href":"https:\/\/www.wasserwacht-toeging.de\/index.php?rest_route=%2Fwp%2Fv2%2Fmedia&parent=130"}],"curies":[{"name":"wp","href":"https:\/\/api.w.org\/{rel}","templated":true}]}}