{"id":2153,"date":"2016-05-26T19:22:12","date_gmt":"2016-05-26T19:22:12","guid":{"rendered":"http:\/\/neu.wasserwacht-toeging.de\/?page_id=2153"},"modified":"2016-05-26T19:22:12","modified_gmt":"2016-05-26T19:22:12","slug":"einsatz-014-2016","status":"publish","type":"page","link":"https:\/\/www.wasserwacht-toeging.de\/?page_id=2153","title":{"rendered":"Einsatz 014 2016"},"content":{"rendered":"<p><strong>Datum:<\/strong> 26.05.2016<br \/>\n<strong>Einsatzbeginn:<\/strong> 18:30 Uhr<br \/>\n<strong>Einsatzart: <\/strong>Rettungsdienst Freibad<br \/>\n<strong>Einsatzort:<\/strong> Freibad Hubm\u00fchle T\u00f6ging<br \/>\n<strong>Einsatzstichwort:<\/strong> Chirurgischer Notfall<\/p>\n<hr \/>\n<p><strong>Einsatzkr\u00e4fte:<\/strong> 6<br \/>\n<strong>Eingesetzte Fahrzeuge:<\/strong><br \/>\n&#8212;<br \/>\n<strong>Weitere Einsatzkr\u00e4fte:<br \/>\n<\/strong>NEF Alt\u00f6tting<br \/>\nRTW Alt\u00f6tting<\/p>\n<hr \/>\n<p><strong>Bericht:<\/strong><br \/>\nIm Freibad T\u00f6ging kam es zu einem chirurgischen Notfall im Mehrzweckbecken. Der Patient konnte das Wasser noch selbst\u00e4ndig verlassen. Anschlie\u00dfend wurde er von den anwesenden Rettungsschwimmern der Wasserwacht erstversorgt und ein Notruf abgesetzt. Nach dem Eintreffen des Rettungsdienstes assistierten die Wasserretter diesem bis zum Abtransport in eine Klinik.<\/p>\n","protected":false},"excerpt":{"rendered":"<p>Datum: 26.05.2016 Einsatzbeginn: 18:30 Uhr Einsatzart: Rettungsdienst Freibad Einsatzort: Freibad Hubm\u00fchle T\u00f6ging Einsatzstichwort: Chirurgischer Notfall Einsatzkr\u00e4fte: 6 Eingesetzte Fahrzeuge: &#8212; Weitere Einsatzkr\u00e4fte: NEF Alt\u00f6tting RTW Alt\u00f6tting Bericht: Im Freibad T\u00f6ging kam es zu einem chirurgischen Notfall im Mehrzweckbecken. Der Patient&#46;&#46;&#46;<\/p>\n","protected":false},"author":1,"featured_media":0,"parent":0,"menu_order":0,"comment_status":"closed","ping_status":"closed","template":"","meta":{"footnotes":""},"class_list":["post-2153","page","type-page","status-publish","hentry"],"_links":{"self":[{"href":"https:\/\/www.wasserwacht-toeging.de\/index.php?rest_route=\/wp\/v2\/pages\/2153","targetHints":{"allow":["GET"]}}],"collection":[{"href":"https:\/\/www.wasserwacht-toeging.de\/index.php?rest_route=\/wp\/v2\/pages"}],"about":[{"href":"https:\/\/www.wasserwacht-toeging.de\/index.php?rest_route=\/wp\/v2\/types\/page"}],"author":[{"embeddable":true,"href":"https:\/\/www.wasserwacht-toeging.de\/index.php?rest_route=\/wp\/v2\/users\/1"}],"replies":[{"embeddable":true,"href":"https:\/\/www.wasserwacht-toeging.de\/index.php?rest_route=%2Fwp%2Fv2%2Fcomments&post=2153"}],"version-history":[{"count":1,"href":"https:\/\/www.wasserwacht-toeging.de\/index.php?rest_route=\/wp\/v2\/pages\/2153\/revisions"}],"predecessor-version":[{"id":2154,"href":"https:\/\/www.wasserwacht-toeging.de\/index.php?rest_route=\/wp\/v2\/pages\/2153\/revisions\/2154"}],"wp:attachment":[{"href":"https:\/\/www.wasserwacht-toeging.de\/index.php?rest_route=%2Fwp%2Fv2%2Fmedia&parent=2153"}],"curies":[{"name":"wp","href":"https:\/\/api.w.org\/{rel}","templated":true}]}}