{"id":2248,"date":"2016-06-21T18:47:08","date_gmt":"2016-06-21T18:47:08","guid":{"rendered":"http:\/\/neu.wasserwacht-toeging.de\/?page_id=2248"},"modified":"2016-06-21T18:47:08","modified_gmt":"2016-06-21T18:47:08","slug":"einsaetze-046-048-2016","status":"publish","type":"page","link":"https:\/\/www.wasserwacht-toeging.de\/?page_id=2248","title":{"rendered":"Eins\u00e4tze 046 -048 2016"},"content":{"rendered":"<div class=\"entry-content cf\">\n<p><strong>Datum:<\/strong> 18.06.2016<br \/>\n<strong>Einsatzbeginn:<\/strong> 15:00 Uhr<br \/>\n<strong>Einsatzart: <\/strong>Sanit\u00e4tsdienst<br \/>\n<strong>Einsatzort:<\/strong> T\u00f6ging Rathausplatz und Hauptstra\u00dfe<br \/>\n<strong>Einsatzstichwort:<\/strong> Stadtfest<\/p>\n<hr \/>\n<p><strong>Einsatzkr\u00e4fte:<\/strong> 4<br \/>\n<strong>Eingesetzte Fahrzeuge:<\/strong><br \/>\nGer\u00e4tewagen Boot 91\/2<br \/>\n<strong>Weitere Einsatzkr\u00e4fte:<\/strong><br \/>\n&#8212;<\/p>\n<hr \/>\n<p><strong>Bericht:<\/strong><br \/>\nDie Wasserwacht \u00fcbernahm die sanit\u00e4tsdienstliche Absicherung des T\u00f6ginger Stadtfestes. Es fielen drei kleinere Erste Hilfe-Leistungen an.<\/p>\n<\/div>\n","protected":false},"excerpt":{"rendered":"<p>Datum: 18.06.2016 Einsatzbeginn: 15:00 Uhr Einsatzart: Sanit\u00e4tsdienst Einsatzort: T\u00f6ging Rathausplatz und Hauptstra\u00dfe Einsatzstichwort: Stadtfest Einsatzkr\u00e4fte: 4 Eingesetzte Fahrzeuge: Ger\u00e4tewagen Boot 91\/2 Weitere Einsatzkr\u00e4fte: &#8212; Bericht: Die Wasserwacht \u00fcbernahm die sanit\u00e4tsdienstliche Absicherung des T\u00f6ginger Stadtfestes. Es fielen drei kleinere Erste Hilfe-Leistungen&#46;&#46;&#46;<\/p>\n","protected":false},"author":1,"featured_media":0,"parent":0,"menu_order":0,"comment_status":"closed","ping_status":"closed","template":"","meta":{"footnotes":""},"class_list":["post-2248","page","type-page","status-publish","hentry"],"_links":{"self":[{"href":"https:\/\/www.wasserwacht-toeging.de\/index.php?rest_route=\/wp\/v2\/pages\/2248","targetHints":{"allow":["GET"]}}],"collection":[{"href":"https:\/\/www.wasserwacht-toeging.de\/index.php?rest_route=\/wp\/v2\/pages"}],"about":[{"href":"https:\/\/www.wasserwacht-toeging.de\/index.php?rest_route=\/wp\/v2\/types\/page"}],"author":[{"embeddable":true,"href":"https:\/\/www.wasserwacht-toeging.de\/index.php?rest_route=\/wp\/v2\/users\/1"}],"replies":[{"embeddable":true,"href":"https:\/\/www.wasserwacht-toeging.de\/index.php?rest_route=%2Fwp%2Fv2%2Fcomments&post=2248"}],"version-history":[{"count":1,"href":"https:\/\/www.wasserwacht-toeging.de\/index.php?rest_route=\/wp\/v2\/pages\/2248\/revisions"}],"predecessor-version":[{"id":2249,"href":"https:\/\/www.wasserwacht-toeging.de\/index.php?rest_route=\/wp\/v2\/pages\/2248\/revisions\/2249"}],"wp:attachment":[{"href":"https:\/\/www.wasserwacht-toeging.de\/index.php?rest_route=%2Fwp%2Fv2%2Fmedia&parent=2248"}],"curies":[{"name":"wp","href":"https:\/\/api.w.org\/{rel}","templated":true}]}}