{"id":2510,"date":"2017-02-08T05:54:53","date_gmt":"2017-02-08T05:54:53","guid":{"rendered":"http:\/\/neu.wasserwacht-toeging.de\/?page_id=2510"},"modified":"2017-11-18T13:25:45","modified_gmt":"2017-11-18T13:25:45","slug":"einsaetze-2017","status":"publish","type":"page","link":"https:\/\/www.wasserwacht-toeging.de\/?page_id=2510","title":{"rendered":"Eins\u00e4tze 2017"},"content":{"rendered":"<table>\n<tbody>\n<tr style=\"height: 22px;\">\n<td style=\"height: 22px;\" colspan=\"7\"><strong>November 2017<br \/>\n<\/strong><\/td>\n<\/tr>\n<tr style=\"height: 22.8px;\">\n<td style=\"height: 22.8px;\">300<\/td>\n<td style=\"height: 22.8px;\"><\/td>\n<td style=\"background-color: #ffffff; height: 22.8px;\">Sanit\u00e4tsdienst<\/td>\n<td style=\"height: 22.8px;\">Mehrzweckhalle<\/td>\n<td style=\"height: 22.8px;\">T\u00f6ging<\/td>\n<td style=\"height: 22.8px;\">Sportveranstaltung<\/td>\n<td style=\"height: 22.8px;\"><\/td>\n<\/tr>\n<tr style=\"height: 22.8px;\">\n<td style=\"height: 22.8px;\">299<\/td>\n<td style=\"height: 22.8px;\">02.11.2017<\/td>\n<td style=\"background-color: #ff0000; height: 22.8px;\"><span style=\"color: #ffffff;\"><strong>SEG-Einsatz<br \/>\n<\/strong>Wassernot 2<\/span><\/td>\n<td style=\"height: 22.8px;\">Innkanal<\/td>\n<td style=\"height: 22.8px;\">T\u00f6ging bis M\u00fchldorf<\/td>\n<td style=\"height: 22.8px;\">Vermisstensuche<\/td>\n<td style=\"height: 22.8px;\"><\/td>\n<\/tr>\n<tr style=\"height: 22.8px;\">\n<td style=\"height: 22.8px;\">298<\/td>\n<td style=\"height: 22.8px;\">02.11.2017<\/td>\n<td style=\"background-color: #ff0000; height: 22.8px;\"><span style=\"color: #ffffff;\"><strong>SEG-Einsatz<br \/>\n<\/strong>Wassernot 0<\/span><strong><br \/>\n<\/strong><\/td>\n<td style=\"height: 22.8px;\">Innkanal<\/td>\n<td style=\"height: 22.8px;\">T\u00f6ging<\/td>\n<td style=\"height: 22.8px;\">Tierrettungen<\/td>\n<td style=\"height: 22.8px;\"><\/td>\n<\/tr>\n<tr style=\"height: 22.8px;\">\n<td style=\"height: 22.8px;\">297<\/td>\n<td style=\"height: 22.8px;\">02.11.2017<\/td>\n<td style=\"background-color: #ff0000; height: 22.8px;\"><span style=\"color: #ffffff;\"><strong>SEG-Einsatz<\/strong><\/span><br \/>\n<span style=\"color: #ffffff;\">Wassernot 0<\/span><\/td>\n<td style=\"height: 22.8px;\">Innkanal<\/td>\n<td style=\"height: 22.8px;\">T\u00f6ging<\/td>\n<td style=\"height: 22.8px;\">Totenbergung<\/td>\n<td style=\"height: 22.8px;\"><\/td>\n<\/tr>\n<tr style=\"height: 22.8px;\">\n<td style=\"height: 22.8px;\" colspan=\"7\"><strong><span style=\"color: #000000;\">Oktober 2017<\/span><\/strong><\/td>\n<\/tr>\n<tr style=\"height: 22.8px;\">\n<td style=\"height: 22.8px;\">294 &#8211; 296<\/td>\n<td style=\"height: 22.8px;\">29.10.2017<\/td>\n<td style=\"background-color: #ffffff; height: 22.8px;\"><span style=\"color: #000000;\">Sanit\u00e4tsdienst<\/span><\/td>\n<td style=\"height: 22.8px;\">Mehrzweckhalle<\/td>\n<td style=\"height: 22.8px;\">T\u00f6ging<\/td>\n<td style=\"height: 22.8px;\">Turn-Wettkampf<\/td>\n<td style=\"height: 22.8px;\"><a href=\"http:\/\/neu.wasserwacht-toeging.de\/?page_id=2980\">Bericht<\/a><\/td>\n<\/tr>\n<tr style=\"height: 22.8px;\">\n<td style=\"height: 22.8px;\">293<\/td>\n<td style=\"height: 22.8px;\">28.10.2017<\/td>\n<td style=\"background-color: #ffffff; height: 22.8px;\"><span style=\"color: #000000;\">Sanit\u00e4tsdienst<\/span><\/td>\n<td style=\"height: 22.8px;\">Mehrzweckhalle<\/td>\n<td style=\"height: 22.8px;\">T\u00f6ging<\/td>\n<td style=\"height: 22.8px;\">Turn-Wettkampf<\/td>\n<td style=\"height: 22.8px;\"><a href=\"http:\/\/neu.wasserwacht-toeging.de\/?page_id=2977\">Bericht<\/a><\/td>\n<\/tr>\n<tr style=\"height: 22.8px;\">\n<td style=\"height: 22.8px;\">292<\/td>\n<td style=\"height: 22.8px;\">14.10.2017<\/td>\n<td style=\"background-color: #ffffff; height: 22.8px;\"><span style=\"color: #000000;\">Erstversorgung<br \/>\nRettungsdienst<\/span><\/td>\n<td style=\"height: 22.8px;\">St 2550<\/td>\n<td style=\"height: 22.8px;\">Neu\u00f6tting<\/td>\n<td style=\"height: 22.8px;\">Verkehrsunfall<\/td>\n<td style=\"height: 22.8px;\"><a href=\"http:\/\/neu.wasserwacht-toeging.de\/?page_id=2974\">Bericht<\/a><\/td>\n<\/tr>\n<tr style=\"height: 22.8px;\">\n<td style=\"height: 22.8px;\">291<\/td>\n<td style=\"height: 22.8px;\">01.10.2017<\/td>\n<td style=\"background-color: #ffffff; height: 22.8px;\"><span style=\"color: #000000;\">Erstversorgung<br \/>\nRettungsdienst<\/span><\/td>\n<td style=\"height: 22.8px;\">Gemeindegebiet<\/td>\n<td style=\"height: 22.8px;\">Winh\u00f6ring<\/td>\n<td style=\"height: 22.8px;\">Internistischer Notfall<\/td>\n<td style=\"height: 22.8px;\"><\/td>\n<\/tr>\n<tr style=\"height: 22.8px;\">\n<td style=\"height: 22.8px;\" colspan=\"7\"><strong><span style=\"color: #000000;\">September 2017<\/span><\/strong><\/td>\n<\/tr>\n<tr style=\"height: 22.8px;\">\n<td style=\"height: 22.8px;\">290<\/td>\n<td style=\"height: 22.8px;\">01.09.2017<br \/>\nbis<br \/>\n10.09.2017<\/td>\n<td style=\"background-color: #ffffff; height: 22.8px;\"><span style=\"color: #000000;\">Wachdienst Freibad<\/span><\/td>\n<td style=\"height: 22.8px;\">Freibad Hubm\u00fchle<\/td>\n<td style=\"height: 22.8px;\">T\u00f6ging<\/td>\n<td style=\"height: 22.8px;\">Erste Hilfe &#8211; Leistungen<br \/>\nim Monat September<\/td>\n<td style=\"height: 22.8px;\"><\/td>\n<\/tr>\n<tr style=\"height: 22.8px;\">\n<td style=\"height: 22.8px;\">289<\/td>\n<td style=\"height: 22.8px;\">06.09.2017<\/td>\n<td style=\"background-color: #ff0000; height: 22.8px;\"><strong><span style=\"color: #ffffff;\">SEG-Einsatz<\/span><\/strong><br \/>\n<span style=\"color: #ffffff;\">Wassernot 0<\/span><\/td>\n<td style=\"height: 22.8px;\">Innkanal<\/td>\n<td style=\"height: 22.8px;\">T\u00f6ging<\/td>\n<td style=\"height: 22.8px;\">LKW im Innkanal<\/td>\n<td style=\"height: 22.8px;\"><a href=\"http:\/\/neu.wasserwacht-toeging.de\/?page_id=2896\">Bericht<\/a><\/td>\n<\/tr>\n<tr style=\"height: 22.8px;\">\n<td style=\"height: 22.8px;\" colspan=\"7\"><strong><span style=\"color: #000000;\">August 2017<\/span><\/strong><\/td>\n<\/tr>\n<tr style=\"height: 22.8px;\">\n<td style=\"height: 22.8px;\">237 &#8211;<br \/>\n288<\/td>\n<td style=\"height: 22.8px;\">01.08.2017<br \/>\nbis<br \/>\n31.08.2017<\/td>\n<td style=\"background-color: #ffffff; height: 22.8px;\"><span style=\"color: #000000;\">Wachdienst Freibad<\/span><\/td>\n<td style=\"height: 22.8px;\">Freibad Hubm\u00fchle<\/td>\n<td style=\"height: 22.8px;\">T\u00f6ging<\/td>\n<td style=\"height: 22.8px;\">Erste Hilfe &#8211; Leistungen<br \/>\nim Monat August<\/td>\n<td style=\"height: 22.8px;\"><\/td>\n<\/tr>\n<tr style=\"height: 22.8px;\">\n<td style=\"height: 22.8px;\">236<\/td>\n<td style=\"height: 22.8px;\">22.08.2017<\/td>\n<td style=\"background-color: #ff0000; height: 22.8px;\"><span style=\"color: #ffffff;\"><strong>SEG-Einsatz<br \/>\n<\/strong>Wassernot 0<\/span><\/td>\n<td style=\"height: 22.8px;\">Innkanal<\/td>\n<td style=\"height: 22.8px;\">T\u00f6ging<\/td>\n<td style=\"height: 22.8px;\">\u00d6lsperre abbauen<\/td>\n<td style=\"height: 22.8px;\"><a href=\"http:\/\/neu.wasserwacht-toeging.de\/?page_id=2841\">Bericht<\/a><\/td>\n<\/tr>\n<tr style=\"height: 22.8px;\">\n<td style=\"height: 22.8px;\">235<\/td>\n<td style=\"height: 22.8px;\">20.08.2017<\/td>\n<td style=\"background-color: #ff0000; height: 22.8px;\"><span style=\"color: #ffffff;\"><strong>SEG-Einsatz<\/strong><br \/>\nWassernot 1<\/span><\/td>\n<td style=\"height: 22.8px;\">Isen<\/td>\n<td style=\"height: 22.8px;\">Erharting<\/td>\n<td style=\"height: 22.8px;\">Herrenloses Schlauchboot<\/td>\n<td style=\"height: 22.8px;\"><a href=\"http:\/\/neu.wasserwacht-toeging.de\/?page_id=2838\">Bericht<\/a><\/td>\n<\/tr>\n<tr style=\"height: 22.8px;\">\n<td style=\"height: 22.8px;\">234<\/td>\n<td style=\"height: 22.8px;\">17.08.2017<\/td>\n<td style=\"background-color: #ff0000; height: 22.8px;\"><span style=\"color: #ffffff;\"><strong>SEG-Einsatz<\/strong><br \/>\nWassernot 0<\/span><\/td>\n<td style=\"height: 22.8px;\">Innkanal<\/td>\n<td style=\"height: 22.8px;\">T\u00f6ging<\/td>\n<td style=\"height: 22.8px;\">Einbringen \u00d6lsperre<\/td>\n<td style=\"height: 22.8px;\"><a href=\"http:\/\/neu.wasserwacht-toeging.de\/?page_id=2835\">Bericht<\/a><\/td>\n<\/tr>\n<tr style=\"height: 22.8px;\">\n<td style=\"height: 22.8px;\">232 &#8211;<br \/>\n233<\/td>\n<td style=\"height: 22.8px;\">11.08.2017<br \/>\nbis<br \/>\n14.08.2017<\/td>\n<td style=\"background-color: #ffffff; height: 22.8px;\"><span style=\"color: #000000;\">Sanit\u00e4tsdienst<\/span><\/td>\n<td style=\"height: 22.8px;\">H\u00e4finger Wiesn<\/td>\n<td style=\"height: 22.8px;\">T\u00f6ging<\/td>\n<td style=\"height: 22.8px;\">Volksfest<\/td>\n<td style=\"height: 22.8px;\"><a href=\"http:\/\/neu.wasserwacht-toeging.de\/?page_id=2831\">Bericht<\/a><\/td>\n<\/tr>\n<tr style=\"height: 22.8px;\">\n<td style=\"height: 22.8px;\">\u00a0231<\/td>\n<td style=\"height: 22.8px;\">04.08.2017<\/td>\n<td style=\"background-color: #ff0000; height: 22.8px;\"><span style=\"color: #ffffff;\"><strong>SEG-Einsatz<br \/>\n<\/strong>Wassernot 4<\/span><\/td>\n<td style=\"height: 22.8px;\">Alz<\/td>\n<td style=\"height: 22.8px;\">Garching<\/td>\n<td style=\"height: 22.8px;\">PKW im Wasser<\/td>\n<td style=\"height: 22.8px;\"><a href=\"http:\/\/neu.wasserwacht-toeging.de\/?page_id=2826\">Bericht<\/a><\/td>\n<\/tr>\n<tr style=\"height: 22.8px;\">\n<td style=\"height: 22.8px;\" colspan=\"7\"><span style=\"color: #000000;\"><strong>Juli 2017<\/strong><\/span><\/td>\n<\/tr>\n<tr style=\"height: 22.8px;\">\n<td style=\"height: 22.8px;\">167 &#8211;<br \/>\n230<\/td>\n<td style=\"height: 22.8px;\">01.07.2017<br \/>\nbis<br \/>\n31.07.2017<\/td>\n<td style=\"background-color: #ffffff; height: 22.8px;\"><span style=\"color: #000000;\">Wachdienst Freibad<\/span><\/td>\n<td style=\"height: 22.8px;\">Freibad Hubm\u00fchle<\/td>\n<td style=\"height: 22.8px;\">T\u00f6ging<\/td>\n<td style=\"height: 22.8px;\">Erste Hilfe &#8211; Leistungen<br \/>\nim Monat Juli<\/td>\n<td style=\"height: 22.8px;\"><\/td>\n<\/tr>\n<tr style=\"height: 22.8px;\">\n<td style=\"height: 22.8px;\">166<\/td>\n<td style=\"height: 22.8px;\">24.07.2017<\/td>\n<td style=\"background-color: #ff0000; height: 22.8px;\"><span style=\"color: #ffffff;\"><strong>SEG-Einsatz<br \/>\n<\/strong>Wassernot 2<br \/>\n<\/span><\/td>\n<td style=\"height: 22.8px;\">Inn<\/td>\n<td style=\"height: 22.8px;\">M\u00fchldorf<\/td>\n<td style=\"height: 22.8px;\">Vermisstensuche<\/td>\n<td style=\"height: 22.8px;\"><a href=\"http:\/\/neu.wasserwacht-toeging.de\/?page_id=2821\">Bericht<\/a><\/td>\n<\/tr>\n<tr style=\"height: 22.8px;\">\n<td style=\"height: 22.8px;\">165<\/td>\n<td style=\"height: 22.8px;\">21.07.2017<\/td>\n<td style=\"background-color: #ffffff; height: 22.8px;\"><span style=\"color: #000000;\">Rettungsdienst Freibad<\/span><\/td>\n<td style=\"height: 22.8px;\">Freibad Hubm\u00fchle<\/td>\n<td style=\"height: 22.8px;\">T\u00f6ging<\/td>\n<td style=\"height: 22.8px;\">Chirurgischer Notfall<\/td>\n<td style=\"height: 22.8px;\"><a href=\"http:\/\/neu.wasserwacht-toeging.de\/?page_id=2817\">Bericht<\/a><\/td>\n<\/tr>\n<tr style=\"height: 22.8px;\">\n<td style=\"height: 22.8px;\">164<\/td>\n<td style=\"height: 22.8px;\">09.07.2017<\/td>\n<td style=\"background-color: #ffffff; height: 22.8px;\"><span style=\"color: #000000;\">Rettungsdienst Freibad<\/span><\/td>\n<td style=\"height: 22.8px;\">Freibad Hubm\u00fchle<\/td>\n<td style=\"height: 22.8px;\">T\u00f6ging<\/td>\n<td style=\"height: 22.8px;\">Chirurgischer Notfall<\/td>\n<td style=\"height: 22.8px;\"><a href=\"http:\/\/neu.wasserwacht-toeging.de\/?page_id=2807\">Bericht<\/a><\/td>\n<\/tr>\n<tr style=\"height: 22.8px;\">\n<td style=\"height: 22.8px;\">163<\/td>\n<td style=\"height: 22.8px;\">05.07.2017<\/td>\n<td style=\"background-color: #ffffff; height: 22.8px;\"><span style=\"color: #000000;\">Rettungsdienst Freibad<br \/>\n<\/span><\/td>\n<td style=\"height: 22.8px;\">Freibad Hubm\u00fchle<\/td>\n<td style=\"height: 22.8px;\">T\u00f6ging<\/td>\n<td style=\"height: 22.8px;\">Chirurgischer Notfall<\/td>\n<td style=\"height: 22.8px;\"><a href=\"http:\/\/neu.wasserwacht-toeging.de\/?page_id=2803\">Bericht<\/a><\/td>\n<\/tr>\n<tr style=\"height: 22.8px;\">\n<td style=\"height: 22.8px;\" colspan=\"7\"><span style=\"color: #000000;\"><strong>Juni 2017<\/strong><\/span><\/td>\n<\/tr>\n<tr style=\"height: 22.8px;\">\n<td style=\"height: 22.8px;\">070 &#8211;<br \/>\n162<\/td>\n<td style=\"height: 22.8px;\">01.06.2017<br \/>\nbis<br \/>\n30.06.2017<\/td>\n<td style=\"background-color: #ffffff; height: 22.8px;\"><span style=\"color: #000000;\">Wachdienst Freibad<\/span><\/td>\n<td style=\"height: 22.8px;\">Freibad Hubm\u00fchle<\/td>\n<td style=\"height: 22.8px;\">T\u00f6ging<\/td>\n<td style=\"height: 22.8px;\">Erste Hilfe &#8211; Leistungen<br \/>\nim Monat Juni<\/td>\n<td style=\"height: 22.8px;\"><\/td>\n<\/tr>\n<tr style=\"height: 22.8px;\">\n<td style=\"height: 22.8px;\">069<\/td>\n<td style=\"height: 22.8px;\">29.06.2017<\/td>\n<td style=\"background-color: #ff0000; height: 22.8px;\"><span style=\"color: #ffffff;\"><strong>SEG-Einsatz<\/strong><\/span><\/td>\n<td style=\"height: 22.8px;\">Inn<\/td>\n<td style=\"height: 22.8px;\">Neu\u00f6tting<\/td>\n<td style=\"height: 22.8px;\">Personen im Wasser<\/td>\n<td style=\"height: 22.8px;\"><a href=\"http:\/\/neu.wasserwacht-toeging.de\/?page_id=2797\">Bericht<\/a><\/td>\n<\/tr>\n<tr style=\"height: 22.8px;\">\n<td style=\"height: 22.8px;\">068<\/td>\n<td style=\"height: 22.8px;\">25.06.2017<\/td>\n<td style=\"background-color: #ffffff; height: 22.8px;\">Erste Hilfe<\/td>\n<td style=\"height: 22.8px;\">Stadtgebiet<\/td>\n<td style=\"height: 22.8px;\">T\u00f6ging<\/td>\n<td style=\"height: 22.8px;\">Erste Hilfe-Leistung<\/td>\n<td style=\"height: 22.8px;\"><\/td>\n<\/tr>\n<tr style=\"height: 22.8px;\">\n<td style=\"height: 22.8px;\">067<\/td>\n<td style=\"height: 22.8px;\">19.06.2017<\/td>\n<td style=\"background-color: #ff0000; height: 22.8px;\"><span style=\"color: #ffffff;\"><strong>SEG-Einsatz<\/strong><\/span><\/td>\n<td style=\"height: 22.8px;\">Innkanal<\/td>\n<td style=\"height: 22.8px;\">T\u00f6ging<\/td>\n<td style=\"height: 22.8px;\">Rettung aus Gefahrenlage \/ Tierbergung<\/td>\n<td style=\"height: 22.8px;\"><a href=\"http:\/\/neu.wasserwacht-toeging.de\/?page_id=2794\">Bericht<\/a><\/td>\n<\/tr>\n<tr style=\"height: 22.8px;\">\n<td style=\"height: 22.8px;\">058 &#8211;<br \/>\n066<\/td>\n<td style=\"height: 22.8px;\">17.06.2017<\/td>\n<td style=\"background-color: #ffffff; height: 22.8px;\"><span style=\"color: #000000;\">Sanit\u00e4tsdienst<\/span><\/td>\n<td style=\"height: 22.8px;\">Rathausplatz<\/td>\n<td style=\"height: 22.8px;\">T\u00f6ging<\/td>\n<td style=\"height: 22.8px;\">Stadtfest<\/td>\n<td style=\"height: 22.8px;\"><a href=\"http:\/\/neu.wasserwacht-toeging.de\/?page_id=2737\">Bericht<\/a><\/td>\n<\/tr>\n<tr style=\"height: 22.8px;\">\n<td style=\"height: 22.8px;\">057<\/td>\n<td style=\"height: 22.8px;\">10.06.2017<\/td>\n<td style=\"background-color: #ff0000; height: 22.8px;\"><span style=\"color: #ffffff;\"><strong>SEG-Einsatz<\/strong><\/span><\/td>\n<td style=\"height: 22.8px;\">Innkanal<\/td>\n<td style=\"height: 22.8px;\">T\u00f6ging<\/td>\n<td style=\"height: 22.8px;\">Totenbergung<\/td>\n<td style=\"height: 22.8px;\"><a href=\"http:\/\/neu.wasserwacht-toeging.de\/?page_id=2773\">Bericht<\/a><\/td>\n<\/tr>\n<tr style=\"height: 22.8px;\">\n<td style=\"height: 22.8px;\" colspan=\"7\"><span style=\"color: #333333;\"><strong>Mai 2017<\/strong><\/span><\/td>\n<\/tr>\n<tr style=\"height: 22.8px;\">\n<td style=\"height: 22.8px;\">017 &#8211;<br \/>\n056<\/td>\n<td style=\"height: 22.8px;\">01.05.2017<br \/>\nbis<br \/>\n31.05.2017<\/td>\n<td style=\"background-color: #ffffff; height: 22.8px;\"><span style=\"color: #333333;\">Wachdienst Freibad<\/span><\/td>\n<td style=\"height: 22.8px;\">Freibad Hubm\u00fchle<\/td>\n<td style=\"height: 22.8px;\">T\u00f6ging<\/td>\n<td style=\"height: 22.8px;\">Erste Hilfe &#8211; Leistungen<br \/>\nim Monat Mai<\/td>\n<td style=\"height: 22.8px;\"><\/td>\n<\/tr>\n<tr style=\"height: 22.8px;\">\n<td style=\"height: 22.8px;\">016<\/td>\n<td style=\"height: 22.8px;\">27.05.2017<\/td>\n<td style=\"background-color: #ff0000; height: 22.8px;\"><strong><span style=\"color: #ffffff;\">SEG-Einsatz<\/span><\/strong><\/td>\n<td style=\"height: 22.8px;\">Innkanal<\/td>\n<td style=\"height: 22.8px;\">T\u00f6ging<\/td>\n<td style=\"height: 22.8px;\">Vermisstensuche<\/td>\n<td style=\"height: 22.8px;\"><a href=\"http:\/\/neu.wasserwacht-toeging.de\/?page_id=2728\">Bericht<\/a><\/td>\n<\/tr>\n<tr style=\"height: 22.8px;\">\n<td style=\"height: 22.8px;\">015<\/td>\n<td style=\"height: 22.8px;\">26.05.2017<\/td>\n<td style=\"background-color: #ff0000; height: 22.8px;\"><strong><span style=\"color: #ffffff;\">SEG-Einsatz<\/span><\/strong><\/td>\n<td style=\"height: 22.8px;\">Innkanal<\/td>\n<td style=\"height: 22.8px;\">M\u00fchldorf bis T\u00f6ging<\/td>\n<td style=\"height: 22.8px;\">Person im Wasser<\/td>\n<td style=\"height: 22.8px;\"><a href=\"http:\/\/neu.wasserwacht-toeging.de\/?page_id=2724\">Bericht<\/a><\/td>\n<\/tr>\n<tr style=\"height: 22.8px;\">\n<td style=\"height: 22.8px;\">014<\/td>\n<td style=\"height: 22.8px;\">19.05.2017<\/td>\n<td style=\"background-color: #ffffff; height: 22.8px;\">Rettungsdienst Freibad<\/td>\n<td style=\"height: 22.8px;\">Freibad Hubm\u00fchle<\/td>\n<td style=\"height: 22.8px;\">T\u00f6ging<\/td>\n<td style=\"height: 22.8px;\">Chirurgischer Notfall<\/td>\n<td style=\"height: 22.8px;\"><a href=\"http:\/\/neu.wasserwacht-toeging.de\/?page_id=2689\">Bericht<\/a><\/td>\n<\/tr>\n<tr style=\"height: 22.8px;\">\n<td style=\"height: 22.8px;\">013<\/td>\n<td style=\"height: 22.8px;\">07.05.2017<\/td>\n<td style=\"background-color: #f70707; height: 22.8px;\"><span style=\"color: #ffffff;\"><strong>SEG-Einsatz<\/strong><\/span><\/td>\n<td style=\"height: 22.8px;\">Isenkanal<\/td>\n<td style=\"height: 22.8px;\">Winh\u00f6ring<\/td>\n<td style=\"height: 22.8px;\">Tierbergung<\/td>\n<td style=\"height: 22.8px;\"><a href=\"http:\/\/neu.wasserwacht-toeging.de\/?page_id=2684\">Bericht<\/a><\/td>\n<\/tr>\n<tr style=\"height: 22.8px;\">\n<td style=\"height: 22.8px;\" colspan=\"7\"><strong>April 2017<br \/>\n<\/strong><\/td>\n<\/tr>\n<tr style=\"height: 22.8px;\">\n<td style=\"height: 22.8px;\">012<\/td>\n<td style=\"height: 22.8px;\">29.04.2017<\/td>\n<td style=\"background-color: #f70707; height: 22.8px;\"><span style=\"color: #ffffff;\"><strong>SEG-Einsatz<\/strong><\/span><\/td>\n<td style=\"height: 22.8px;\">Inn<\/td>\n<td style=\"height: 22.8px;\">T\u00f6ging bis Neu\u00f6tting<\/td>\n<td style=\"height: 22.8px;\">Absicherung Regatta<\/td>\n<td style=\"height: 22.8px;\"><a href=\"http:\/\/neu.wasserwacht-toeging.de\/?page_id=2667\">Bericht<\/a><\/td>\n<\/tr>\n<tr style=\"height: 22.8px;\">\n<td style=\"height: 22.8px;\">011<\/td>\n<td style=\"height: 22.8px;\">22.04.2017<\/td>\n<td style=\"background-color: #f70707; height: 22.8px;\"><span style=\"color: #ffffff;\"><strong>SEG-Einsatz<\/strong><\/span><\/td>\n<td style=\"height: 22.8px;\">Innkanal<\/td>\n<td style=\"height: 22.8px;\">T\u00f6ging<\/td>\n<td style=\"height: 22.8px;\">Tierbergung<\/td>\n<td style=\"height: 22.8px;\"><a href=\"http:\/\/neu.wasserwacht-toeging.de\/?page_id=2649\">Bericht<\/a><\/td>\n<\/tr>\n<tr style=\"height: 22.8px;\">\n<td style=\"height: 22.8px;\">010<\/td>\n<td style=\"height: 22.8px;\">09.04.2017<\/td>\n<td style=\"background-color: #ffffff; height: 22.8px;\">Erste Hilfe<\/td>\n<td style=\"height: 22.8px;\">Stadtgebiet<\/td>\n<td style=\"height: 22.8px;\">Garching<\/td>\n<td style=\"height: 22.8px;\">Erste Hilfe-Leistung<\/td>\n<td style=\"height: 22.8px;\"><\/td>\n<\/tr>\n<tr style=\"height: 22.8px;\">\n<td style=\"height: 22.8px;\" colspan=\"7\"><strong>M\u00e4rz 2017<br \/>\n<\/strong><\/td>\n<\/tr>\n<tr style=\"height: 22.8px;\">\n<td style=\"height: 22.8px;\">009<\/td>\n<td style=\"height: 22.8px;\">19.03.2017<\/td>\n<td style=\"background-color: #f70707; height: 22.8px;\"><span style=\"color: #ffffff;\"><strong>SEG-Einsatz<\/strong><\/span><\/td>\n<td style=\"height: 22.8px;\">Innkanal<\/td>\n<td style=\"height: 22.8px;\">T\u00f6ging<\/td>\n<td style=\"height: 22.8px;\">Tierbergung<\/td>\n<td style=\"height: 22.8px;\"><a href=\"http:\/\/neu.wasserwacht-toeging.de\/?page_id=2623\">Bericht<\/a><\/td>\n<\/tr>\n<tr style=\"height: 22.8px;\">\n<td style=\"height: 22.8px; text-align: left;\" colspan=\"7\"><strong>Februar 2017<\/strong><\/td>\n<\/tr>\n<tr style=\"height: 22.8px;\">\n<td style=\"height: 22.8px;\">008<\/td>\n<td style=\"height: 22.8px;\">07.02.2017<\/td>\n<td style=\"background-color: #f70707; height: 22.8px;\"><span style=\"color: #ffffff;\"><strong>SEG-Einsatz<\/strong><\/span><\/td>\n<td style=\"height: 22.8px;\">Innkanal<\/td>\n<td style=\"height: 22.8px;\">T\u00f6ging<\/td>\n<td style=\"height: 22.8px;\">Tierrettung<\/td>\n<td style=\"height: 22.8px;\"><a href=\"http:\/\/neu.wasserwacht-toeging.de\/?page_id=2517\">Bericht<\/a><\/td>\n<\/tr>\n<tr style=\"height: 22px;\">\n<td style=\"height: 22px;\">001 &#8211;<br \/>\n007<\/td>\n<td style=\"height: 22px;\">04.02.2017<\/td>\n<td style=\"background-color: #ffffff; height: 22px;\"><span style=\"color: #333333;\">Sanit\u00e4tsdienst<\/span><\/td>\n<td style=\"height: 22px;\">Mehrzweckhalle<\/td>\n<td style=\"height: 22px;\">T\u00f6ging<\/td>\n<td style=\"height: 22px;\">Showtanz-<br \/>\nveranstaltung<\/td>\n<td style=\"height: 22px;\"><a href=\"http:\/\/neu.wasserwacht-toeging.de\/?page_id=2515\">Bericht<\/a><\/td>\n<\/tr>\n<\/tbody>\n<\/table>\n<p>&nbsp;<\/p>\n","protected":false},"excerpt":{"rendered":"<p>November 2017 300 Sanit\u00e4tsdienst Mehrzweckhalle T\u00f6ging Sportveranstaltung 299 02.11.2017 SEG-Einsatz Wassernot 2 Innkanal T\u00f6ging bis M\u00fchldorf Vermisstensuche 298 02.11.2017 SEG-Einsatz Wassernot 0 Innkanal T\u00f6ging Tierrettungen 297 02.11.2017 SEG-Einsatz Wassernot 0 Innkanal T\u00f6ging Totenbergung Oktober 2017 294 &#8211; 296 29.10.2017 Sanit\u00e4tsdienst&#46;&#46;&#46;<\/p>\n","protected":false},"author":1,"featured_media":0,"parent":0,"menu_order":0,"comment_status":"closed","ping_status":"closed","template":"","meta":{"footnotes":""},"class_list":["post-2510","page","type-page","status-publish","hentry"],"_links":{"self":[{"href":"https:\/\/www.wasserwacht-toeging.de\/index.php?rest_route=\/wp\/v2\/pages\/2510","targetHints":{"allow":["GET"]}}],"collection":[{"href":"https:\/\/www.wasserwacht-toeging.de\/index.php?rest_route=\/wp\/v2\/pages"}],"about":[{"href":"https:\/\/www.wasserwacht-toeging.de\/index.php?rest_route=\/wp\/v2\/types\/page"}],"author":[{"embeddable":true,"href":"https:\/\/www.wasserwacht-toeging.de\/index.php?rest_route=\/wp\/v2\/users\/1"}],"replies":[{"embeddable":true,"href":"https:\/\/www.wasserwacht-toeging.de\/index.php?rest_route=%2Fwp%2Fv2%2Fcomments&post=2510"}],"version-history":[{"count":64,"href":"https:\/\/www.wasserwacht-toeging.de\/index.php?rest_route=\/wp\/v2\/pages\/2510\/revisions"}],"predecessor-version":[{"id":2982,"href":"https:\/\/www.wasserwacht-toeging.de\/index.php?rest_route=\/wp\/v2\/pages\/2510\/revisions\/2982"}],"wp:attachment":[{"href":"https:\/\/www.wasserwacht-toeging.de\/index.php?rest_route=%2Fwp%2Fv2%2Fmedia&parent=2510"}],"curies":[{"name":"wp","href":"https:\/\/api.w.org\/{rel}","templated":true}]}}