{"id":2684,"date":"2017-05-25T07:06:50","date_gmt":"2017-05-25T07:06:50","guid":{"rendered":"http:\/\/neu.wasserwacht-toeging.de\/?page_id=2684"},"modified":"2017-05-25T07:08:30","modified_gmt":"2017-05-25T07:08:30","slug":"einsatz-013-2017","status":"publish","type":"page","link":"https:\/\/www.wasserwacht-toeging.de\/?page_id=2684","title":{"rendered":"Einsatz 013 2017"},"content":{"rendered":"<p><strong>Datum:<\/strong> 07.05.2017<br \/>\n<strong>Einsatzbeginn:<\/strong> 13:55 Uhr<br \/>\n<strong>Einsatzart: <\/strong>SEG-Einsatz<br \/>\n<strong>Einsatzort:<\/strong> Isenkanal in Winh\u00f6ring<br \/>\n<strong>Einsatzstichwort:<\/strong> Tierbergung<\/p>\n<hr \/>\n<p><strong>Einsatzkr\u00e4fte:<\/strong> 9<br \/>\n<strong>Eingesetzte Fahrzeuge:<\/strong><br \/>\nKommandowagen 90\/1<br \/>\nGW Wasserrettung 91\/1<br \/>\nGW Boot 91\/2<br \/>\nMotorrettungsboot 99\/2<br \/>\n<strong>Weitere Einsatzkr\u00e4fte:<\/strong><br \/>\nFeuerwehr Winh\u00f6ring<br \/>\nPolizeiinspektion Alt\u00f6tting<\/p>\n<hr \/>\n<p><strong>Bericht:<\/strong><br \/>\n<span class=\"text_exposed_show\">Zusammen mit der Feuerwehr Winh\u00f6ring wurde die Wasserwacht T\u00f6ging an den Isenkanal bei Osterham alarmiert. Spazierg\u00e4nger hatten ein Reh hilflos im Wasser treibend entdeckt. Trotz des schnellen Ausr\u00fcckens war das Tier bei Eintreffen am Einsatzort bereits durch den D\u00fcker gezogen worden. Dort wird der Isenkanal unter der Isen hindurchgeleitet. Das Tier war nicht mehr auffindbar.<\/span><\/p>\n<hr \/>\n<p><strong>Fotos:<\/strong><\/p>\n<p><a href=\"http:\/\/neu.wasserwacht-toeging.de\/wp-content\/uploads\/2017\/05\/170507_Isenkanal_01.jpg\"><img loading=\"lazy\" decoding=\"async\" class=\"alignleft wp-image-2676 size-thumbnail\" src=\"http:\/\/neu.wasserwacht-toeging.de\/wp-content\/uploads\/2017\/05\/170507_Isenkanal_01-150x150.jpg\" alt=\"\" width=\"150\" height=\"150\" \/><\/a><\/p>\n","protected":false},"excerpt":{"rendered":"<p>Datum: 07.05.2017 Einsatzbeginn: 13:55 Uhr Einsatzart: SEG-Einsatz Einsatzort: Isenkanal in Winh\u00f6ring Einsatzstichwort: Tierbergung Einsatzkr\u00e4fte: 9 Eingesetzte Fahrzeuge: Kommandowagen 90\/1 GW Wasserrettung 91\/1 GW Boot 91\/2 Motorrettungsboot 99\/2 Weitere Einsatzkr\u00e4fte: Feuerwehr Winh\u00f6ring Polizeiinspektion Alt\u00f6tting Bericht: Zusammen mit der Feuerwehr Winh\u00f6ring wurde&#46;&#46;&#46;<\/p>\n","protected":false},"author":1,"featured_media":0,"parent":0,"menu_order":0,"comment_status":"closed","ping_status":"closed","template":"","meta":{"footnotes":""},"class_list":["post-2684","page","type-page","status-publish","hentry"],"_links":{"self":[{"href":"https:\/\/www.wasserwacht-toeging.de\/index.php?rest_route=\/wp\/v2\/pages\/2684","targetHints":{"allow":["GET"]}}],"collection":[{"href":"https:\/\/www.wasserwacht-toeging.de\/index.php?rest_route=\/wp\/v2\/pages"}],"about":[{"href":"https:\/\/www.wasserwacht-toeging.de\/index.php?rest_route=\/wp\/v2\/types\/page"}],"author":[{"embeddable":true,"href":"https:\/\/www.wasserwacht-toeging.de\/index.php?rest_route=\/wp\/v2\/users\/1"}],"replies":[{"embeddable":true,"href":"https:\/\/www.wasserwacht-toeging.de\/index.php?rest_route=%2Fwp%2Fv2%2Fcomments&post=2684"}],"version-history":[{"count":2,"href":"https:\/\/www.wasserwacht-toeging.de\/index.php?rest_route=\/wp\/v2\/pages\/2684\/revisions"}],"predecessor-version":[{"id":2687,"href":"https:\/\/www.wasserwacht-toeging.de\/index.php?rest_route=\/wp\/v2\/pages\/2684\/revisions\/2687"}],"wp:attachment":[{"href":"https:\/\/www.wasserwacht-toeging.de\/index.php?rest_route=%2Fwp%2Fv2%2Fmedia&parent=2684"}],"curies":[{"name":"wp","href":"https:\/\/api.w.org\/{rel}","templated":true}]}}