{"id":3057,"date":"2018-02-18T14:32:17","date_gmt":"2018-02-18T14:32:17","guid":{"rendered":"http:\/\/neu.wasserwacht-toeging.de\/?page_id=3057"},"modified":"2018-02-18T14:32:17","modified_gmt":"2018-02-18T14:32:17","slug":"einsaetze-001-005-2018","status":"publish","type":"page","link":"https:\/\/www.wasserwacht-toeging.de\/?page_id=3057","title":{"rendered":"Eins\u00e4tze 001-005 2018"},"content":{"rendered":"<p><strong>Datum:<\/strong> 27.01.2018<br \/>\n<strong>Einsatzbeginn:<\/strong> 12:00 Uhr<br \/>\n<strong>Einsatzart: <\/strong>Sanit\u00e4tsdienst<br \/>\n<strong>Einsatzstichwort:<\/strong> &#8212;<br \/>\n<strong>Einsatzort:<\/strong> Mehrzweckhalle T\u00f6ging<br \/>\n<strong>Einsatzgrund:<\/strong> Showtanz-Veranstaltung<\/p>\n<hr \/>\n<p><strong>Einsatzkr\u00e4fte der Wasserwacht T\u00f6ging-Winh\u00f6ring:<\/strong> 7<br \/>\n<strong>Eingesetzte Fahrzeuge der Wasserwacht T\u00f6ging-Winh\u00f6ring:<\/strong><br \/>\nGW Boot 91\/2<br \/>\n<strong>Weitere Einsatzkr\u00e4fte:<\/strong><br \/>\n&#8212;<\/p>\n<hr \/>\n<p><strong>Bericht:<\/strong><br \/>\n<span class=\"text_exposed_show\">Mit sieben Einsatzkr\u00e4ften sicherten wir auch in diesem Jahr die Showtanz-Veranstaltung \u201eFit&amp;Dance meets friends\u201c in der Mehrzweckhalle T\u00f6ging ab. Die zahlreich angereisten Gruppen zeigten akrobatischen Showtanz. Unsere Sanit\u00e4ter mussten f\u00fcnf mal eingreifen. Dabei handelte es sich zum Glc\u00fck ausschlie\u00dflich um leichtere Verletzungen.<br \/>\n<\/span><\/p>\n<hr \/>\n<p><strong>Foto:<\/strong><\/p>\n<p><a href=\"http:\/\/neu.wasserwacht-toeging.de\/wp-content\/uploads\/2018\/02\/180127_MZH_01.jpg\"><img loading=\"lazy\" decoding=\"async\" class=\"alignleft size-thumbnail wp-image-3044\" src=\"http:\/\/neu.wasserwacht-toeging.de\/wp-content\/uploads\/2018\/02\/180127_MZH_01-150x150.jpg\" alt=\"\" width=\"150\" height=\"150\" \/><\/a><\/p>\n","protected":false},"excerpt":{"rendered":"<p>Datum: 27.01.2018 Einsatzbeginn: 12:00 Uhr Einsatzart: Sanit\u00e4tsdienst Einsatzstichwort: &#8212; Einsatzort: Mehrzweckhalle T\u00f6ging Einsatzgrund: Showtanz-Veranstaltung Einsatzkr\u00e4fte der Wasserwacht T\u00f6ging-Winh\u00f6ring: 7 Eingesetzte Fahrzeuge der Wasserwacht T\u00f6ging-Winh\u00f6ring: GW Boot 91\/2 Weitere Einsatzkr\u00e4fte: &#8212; Bericht: Mit sieben Einsatzkr\u00e4ften sicherten wir auch in diesem Jahr&#46;&#46;&#46;<\/p>\n","protected":false},"author":1,"featured_media":0,"parent":0,"menu_order":0,"comment_status":"closed","ping_status":"closed","template":"","meta":{"footnotes":""},"class_list":["post-3057","page","type-page","status-publish","hentry"],"_links":{"self":[{"href":"https:\/\/www.wasserwacht-toeging.de\/index.php?rest_route=\/wp\/v2\/pages\/3057","targetHints":{"allow":["GET"]}}],"collection":[{"href":"https:\/\/www.wasserwacht-toeging.de\/index.php?rest_route=\/wp\/v2\/pages"}],"about":[{"href":"https:\/\/www.wasserwacht-toeging.de\/index.php?rest_route=\/wp\/v2\/types\/page"}],"author":[{"embeddable":true,"href":"https:\/\/www.wasserwacht-toeging.de\/index.php?rest_route=\/wp\/v2\/users\/1"}],"replies":[{"embeddable":true,"href":"https:\/\/www.wasserwacht-toeging.de\/index.php?rest_route=%2Fwp%2Fv2%2Fcomments&post=3057"}],"version-history":[{"count":1,"href":"https:\/\/www.wasserwacht-toeging.de\/index.php?rest_route=\/wp\/v2\/pages\/3057\/revisions"}],"predecessor-version":[{"id":3058,"href":"https:\/\/www.wasserwacht-toeging.de\/index.php?rest_route=\/wp\/v2\/pages\/3057\/revisions\/3058"}],"wp:attachment":[{"href":"https:\/\/www.wasserwacht-toeging.de\/index.php?rest_route=%2Fwp%2Fv2%2Fmedia&parent=3057"}],"curies":[{"name":"wp","href":"https:\/\/api.w.org\/{rel}","templated":true}]}}