{"id":799,"date":"2015-04-29T11:04:11","date_gmt":"2015-04-29T11:04:11","guid":{"rendered":"http:\/\/neu.wasserwacht-toeging.de\/?page_id=799"},"modified":"2015-05-02T13:36:36","modified_gmt":"2015-05-02T13:36:36","slug":"einsatz-011-2015","status":"publish","type":"page","link":"https:\/\/www.wasserwacht-toeging.de\/?page_id=799","title":{"rendered":"Einsatz 011 2015"},"content":{"rendered":"<p><strong>Datum:<\/strong> 29.04.2015<br \/>\n<strong>Einsatzbeginn:<\/strong> 07.09 Uhr<br \/>\n<strong>Einsatzart: <\/strong><span style=\"text-decoration: underline;\">SEG-Einsatz<\/span><br \/>\n<strong>Einsatzort:<\/strong> <span style=\"text-decoration: underline;\">Innkanal Stadtgebiet T\u00f6ging<\/span><br \/>\n<strong>Einsatzstichwort:<\/strong> <span style=\"text-decoration: underline;\">Reh im Innkanal<br \/>\n<\/span><\/p>\n<hr \/>\n<p><strong>Einsatzkr\u00e4fte:<\/strong> 7<br \/>\n<strong>Eingesetzte Fahrzeuge:<\/strong><br \/>\nKommandowagen 10\/1<br \/>\nMannschaftswagen-Wasserrettung 91\/1<br \/>\nGer\u00e4tewagen-Wasserrettung 91\/2<br \/>\nMotorrettungsboot 99\/1<\/p>\n<hr \/>\n<p><strong>Weitere Einsatzkr\u00e4fte:<br \/>\n<\/strong>Feuerwehr T\u00f6ging<\/p>\n<hr \/>\n<p><strong>Bericht:<\/strong><br \/>\nEin Reh, das aus eigener Kraft den Innkanal im T\u00f6ginger Stadtteil H\u00f6chfelden nicht mehr verlassen konnte, hat am Morgen die Wasserwacht und die Feuerwehr T\u00f6ging auf den Plan gerufen. Mit dem Rettungsboot wurde das Tier aus dem Wasser geborgen und an die bereitstehenden Kr\u00e4fte der Feuerwehr \u00fcbergeben.<\/p>\n<hr \/>\n<p><strong>Fotos:<\/strong><\/p>\n<p><a href=\"http:\/\/neu.wasserwacht-toeging.de\/wp-content\/uploads\/2015\/04\/150429_RehInnkanal_04.jpg\"><img loading=\"lazy\" decoding=\"async\" class=\"alignleft size-thumbnail wp-image-815\" src=\"http:\/\/neu.wasserwacht-toeging.de\/wp-content\/uploads\/2015\/04\/150429_RehInnkanal_04-150x150.jpg\" alt=\"150429_RehInnkanal_04\" width=\"150\" height=\"150\" \/><\/a><a href=\"http:\/\/neu.wasserwacht-toeging.de\/wp-content\/uploads\/2015\/04\/150429_RehInnkanal_06.jpg\"><img loading=\"lazy\" decoding=\"async\" class=\"alignleft size-thumbnail wp-image-817\" src=\"http:\/\/neu.wasserwacht-toeging.de\/wp-content\/uploads\/2015\/04\/150429_RehInnkanal_06-150x150.jpg\" alt=\"150429_RehInnkanal_06\" width=\"150\" height=\"150\" \/><\/a><a href=\"http:\/\/neu.wasserwacht-toeging.de\/wp-content\/uploads\/2015\/04\/150429_RehInnkanal_02.jpg\"><img loading=\"lazy\" decoding=\"async\" class=\"alignleft size-thumbnail wp-image-813\" src=\"http:\/\/neu.wasserwacht-toeging.de\/wp-content\/uploads\/2015\/04\/150429_RehInnkanal_02-150x150.jpg\" alt=\"150429_RehInnkanal_02\" width=\"150\" height=\"150\" \/><\/a><a href=\"http:\/\/neu.wasserwacht-toeging.de\/wp-content\/uploads\/2015\/04\/150429_RehInnkanal_03.jpg\"><img loading=\"lazy\" decoding=\"async\" class=\"alignleft size-thumbnail wp-image-814\" src=\"http:\/\/neu.wasserwacht-toeging.de\/wp-content\/uploads\/2015\/04\/150429_RehInnkanal_03-150x150.jpg\" alt=\"150429_RehInnkanal_03\" width=\"150\" height=\"150\" \/><\/a><a href=\"http:\/\/neu.wasserwacht-toeging.de\/wp-content\/uploads\/2015\/04\/150429_RehInnkanal_05.jpg\"><img loading=\"lazy\" decoding=\"async\" class=\"alignleft size-thumbnail wp-image-816\" src=\"http:\/\/neu.wasserwacht-toeging.de\/wp-content\/uploads\/2015\/04\/150429_RehInnkanal_05-150x150.jpg\" alt=\"150429_RehInnkanal_05\" width=\"150\" height=\"150\" \/><\/a><a href=\"http:\/\/neu.wasserwacht-toeging.de\/wp-content\/uploads\/2015\/04\/150429_RehKanal_01.jpg\"><img loading=\"lazy\" decoding=\"async\" class=\"alignleft size-thumbnail wp-image-797\" src=\"http:\/\/neu.wasserwacht-toeging.de\/wp-content\/uploads\/2015\/04\/150429_RehKanal_01-150x150.jpg\" alt=\"150429_RehKanal_01\" width=\"150\" height=\"150\" \/><\/a><\/p>\n","protected":false},"excerpt":{"rendered":"<p>Datum: 29.04.2015 Einsatzbeginn: 07.09 Uhr Einsatzart: SEG-Einsatz Einsatzort: Innkanal Stadtgebiet T\u00f6ging Einsatzstichwort: Reh im Innkanal Einsatzkr\u00e4fte: 7 Eingesetzte Fahrzeuge: Kommandowagen 10\/1 Mannschaftswagen-Wasserrettung 91\/1 Ger\u00e4tewagen-Wasserrettung 91\/2 Motorrettungsboot 99\/1 Weitere Einsatzkr\u00e4fte: Feuerwehr T\u00f6ging Bericht: Ein Reh, das aus eigener Kraft den Innkanal&#46;&#46;&#46;<\/p>\n","protected":false},"author":1,"featured_media":0,"parent":0,"menu_order":0,"comment_status":"closed","ping_status":"closed","template":"","meta":{"footnotes":""},"class_list":["post-799","page","type-page","status-publish","hentry"],"_links":{"self":[{"href":"https:\/\/www.wasserwacht-toeging.de\/index.php?rest_route=\/wp\/v2\/pages\/799","targetHints":{"allow":["GET"]}}],"collection":[{"href":"https:\/\/www.wasserwacht-toeging.de\/index.php?rest_route=\/wp\/v2\/pages"}],"about":[{"href":"https:\/\/www.wasserwacht-toeging.de\/index.php?rest_route=\/wp\/v2\/types\/page"}],"author":[{"embeddable":true,"href":"https:\/\/www.wasserwacht-toeging.de\/index.php?rest_route=\/wp\/v2\/users\/1"}],"replies":[{"embeddable":true,"href":"https:\/\/www.wasserwacht-toeging.de\/index.php?rest_route=%2Fwp%2Fv2%2Fcomments&post=799"}],"version-history":[{"count":4,"href":"https:\/\/www.wasserwacht-toeging.de\/index.php?rest_route=\/wp\/v2\/pages\/799\/revisions"}],"predecessor-version":[{"id":822,"href":"https:\/\/www.wasserwacht-toeging.de\/index.php?rest_route=\/wp\/v2\/pages\/799\/revisions\/822"}],"wp:attachment":[{"href":"https:\/\/www.wasserwacht-toeging.de\/index.php?rest_route=%2Fwp%2Fv2%2Fmedia&parent=799"}],"curies":[{"name":"wp","href":"https:\/\/api.w.org\/{rel}","templated":true}]}}