{"id":86,"date":"2015-02-01T18:19:06","date_gmt":"2015-02-01T18:19:06","guid":{"rendered":"http:\/\/neu.wasserwacht-toeging.de\/?page_id=86"},"modified":"2016-01-01T12:23:45","modified_gmt":"2016-01-01T12:23:45","slug":"einsaetze-2015","status":"publish","type":"page","link":"https:\/\/www.wasserwacht-toeging.de\/?page_id=86","title":{"rendered":"Eins\u00e4tze 2015"},"content":{"rendered":"<p>&nbsp;<\/p>\n<table class=\" aligncenter\">\n<tbody>\n<tr>\n<td colspan=\"7\"><strong>Dezember 2015<\/strong><\/td>\n<\/tr>\n<tr>\n<td><span style=\"color: #000000;\">475<\/span><\/td>\n<td><span style=\"color: #000000;\">23.12.15<\/span><\/td>\n<td><span style=\"color: #000000;\">Fl\u00fcchtlings-<br \/>\nhilfe<\/span><\/td>\n<td><span style=\"color: #000000;\">Sonderzug<\/span><\/td>\n<td><span style=\"color: #000000;\">Passau nach Hannover<\/span><\/td>\n<td><span style=\"color: #000000;\">Begleitung Fl\u00fcchtlings-<br \/>\nSonderzug<\/span><\/td>\n<td><\/td>\n<\/tr>\n<tr>\n<td><span style=\"color: #ff0000;\"><strong>474<\/strong><\/span><\/td>\n<td><span style=\"color: #ff0000;\"><strong>12.12.15<\/strong><\/span><\/td>\n<td><span style=\"color: #ff0000;\"><strong>SEG-Einsatz<\/strong><\/span><\/td>\n<td><span style=\"color: #ff0000;\"><strong>Isenkanal<\/strong><\/span><\/td>\n<td><span style=\"color: #ff0000;\"><strong>Winh\u00f6ring<\/strong><\/span><\/td>\n<td><span style=\"color: #ff0000;\"><strong>Tierrettung<\/strong><\/span><\/td>\n<td><\/td>\n<\/tr>\n<tr>\n<td colspan=\"7\"><strong>Oktober 2015<\/strong><\/td>\n<\/tr>\n<tr>\n<td>473<\/td>\n<td>19.10.15<\/td>\n<td>Fl\u00fcchtlings-<br \/>\nhilfe<\/td>\n<td>Sonderzug<\/td>\n<td>Passau nach Flughafen K\u00f6ln\/Bonn<\/td>\n<td>Begleitung Fl\u00fcchtlings-Sonderzug<\/td>\n<td><\/td>\n<\/tr>\n<tr>\n<td colspan=\"7\"><strong>September 2015<\/strong><\/td>\n<\/tr>\n<tr>\n<td>472<\/td>\n<td>20.09.15<\/td>\n<td>Wachdienst<\/td>\n<td>Kreishallenbad<\/td>\n<td>Neu\u00f6tting<\/td>\n<td>Wachdienst<\/td>\n<td><\/td>\n<\/tr>\n<tr>\n<td>470-<br \/>\n471<\/td>\n<td>01.09.15<br \/>\nbis<br \/>\n07.09.15<\/td>\n<td>Wachdienst<\/td>\n<td>Freibad<br \/>\nHubm\u00fchle<\/td>\n<td>T\u00f6ging<\/td>\n<td>Erste Hilfe-Leistungen Monat September<\/td>\n<td><\/td>\n<\/tr>\n<tr>\n<td colspan=\"7\"><strong>August 2015<\/strong><\/td>\n<\/tr>\n<tr>\n<td>356-<br \/>\n469<\/td>\n<td>01.08.15<br \/>\nbis<br \/>\n31.08.15<\/td>\n<td>Wachdienst<\/td>\n<td>Freibad Hubm\u00fchle<\/td>\n<td>T\u00f6ging<\/td>\n<td>Erste Hilfe-Leistungen Monat August<\/td>\n<td><\/td>\n<\/tr>\n<tr>\n<td>355<\/td>\n<td>17.08.15<\/td>\n<td>Taucheinsatz<\/td>\n<td>Freibad Hubm\u00fchle<\/td>\n<td>T\u00f6ging<\/td>\n<td>Arbeitseinsatz<\/td>\n<td><a href=\"http:\/\/neu.wasserwacht-toeging.de\/?page_id=1534\">Bericht<\/a><\/td>\n<\/tr>\n<tr>\n<td>353-<br \/>\n354<\/td>\n<td>15.08.15<br \/>\nbis<br \/>\n16.08.15<\/td>\n<td>Erste Hilfe<\/td>\n<td>Volksfest &#8222;H\u00e4finger Wiesn&#8220;<\/td>\n<td>T\u00f6ging<\/td>\n<td>Erste Hilfe-Leistungen im Rahmen des Gl\u00fcckshafen-Dienstes<\/td>\n<td><\/td>\n<\/tr>\n<tr>\n<td><strong><span style=\"color: #ff0000;\">352<\/span><\/strong><\/td>\n<td><strong><span style=\"color: #ff0000;\">11.08.15<\/span><\/strong><\/td>\n<td><strong><span style=\"color: #ff0000;\">SEG-Einsatz<\/span><\/strong><\/td>\n<td><strong><span style=\"color: #ff0000;\">Innkanal<\/span><\/strong><\/td>\n<td><strong><span style=\"color: #ff0000;\">T\u00f6ging<\/span><\/strong><\/td>\n<td><strong><span style=\"color: #ff0000;\">Suizidandrohung<\/span><\/strong><\/td>\n<td><a href=\"http:\/\/neu.wasserwacht-toeging.de\/?page_id=1596\">Bericht<\/a><\/td>\n<\/tr>\n<tr>\n<td>351<\/td>\n<td>08.08.15<\/td>\n<td>Notfalleinsatz Freibad<\/td>\n<td>Freibad Hubm\u00fchle<\/td>\n<td>T\u00f6ging<\/td>\n<td>Chirurgischer Notfall<\/td>\n<td><a href=\"http:\/\/neu.wasserwacht-toeging.de\/?page_id=1433\">Bericht<\/a><\/td>\n<\/tr>\n<tr>\n<td>350<\/td>\n<td>06.08.15<\/td>\n<td>Notarzteinsatz Freibad<\/td>\n<td>Badstra\u00dfe am Freibad Hubm\u00fchle<\/td>\n<td>T\u00f6ging<\/td>\n<td>Verkehrsunfall<\/td>\n<td><a href=\"http:\/\/neu.wasserwacht-toeging.de\/?page_id=1271\">Bericht<\/a><\/td>\n<\/tr>\n<tr>\n<td><span style=\"color: #ff0000;\"><strong>349<\/strong><\/span><\/td>\n<td><strong><span style=\"color: #ff0000;\">06.08.15<\/span><\/strong><\/td>\n<td><strong><span style=\"color: #ff0000;\">SEG-Einsatz<\/span><\/strong><\/td>\n<td><span style=\"color: #ff0000;\"><strong>Innkanal<\/strong><\/span><\/td>\n<td><span style=\"color: #ff0000;\"><strong>T\u00f6ging<\/strong><\/span><\/td>\n<td><span style=\"color: #ff0000;\"><strong>Tierrettung<\/strong><\/span><\/td>\n<td><a href=\"http:\/\/neu.wasserwacht-toeging.de\/?page_id=1593\">Bericht<\/a><\/td>\n<\/tr>\n<tr>\n<td>319-<br \/>\n348<\/td>\n<td>01.08.15<br \/>\nbis<br \/>\n06.08.15<\/td>\n<td>Erste Hilfe<\/td>\n<td>Talsperre Pirk<\/td>\n<td>Taltitz (Vogtland)<\/td>\n<td>Erste Hilfe-Leitungen im Rahmen des Jugendlagers<\/td>\n<td><\/td>\n<\/tr>\n<tr>\n<td colspan=\"7\"><strong>Juli 2015<\/strong><\/td>\n<\/tr>\n<tr>\n<td>125-<br \/>\n318<\/td>\n<td>01.07.15<br \/>\nbis<br \/>\n31.07.15<\/td>\n<td>Wachdienst<\/td>\n<td>Freibad<br \/>\nHubm\u00fchle<\/td>\n<td>T\u00f6ging<\/td>\n<td>Erste Hilfe-Leistungen Monat Juli<\/td>\n<td><\/td>\n<\/tr>\n<tr>\n<td><strong><span style=\"color: #ff0000;\">124<\/span><\/strong><\/td>\n<td><strong><span style=\"color: #ff0000;\">09.07.15<\/span><\/strong><br \/>\n<strong><span style=\"color: #ff0000;\"> 01:00<\/span><\/strong><\/td>\n<td><strong><span style=\"color: #ff0000;\">SEG-Einsatz<\/span><\/strong><\/td>\n<td><strong><span style=\"color: #ff0000;\">Innkanal<\/span><\/strong><\/td>\n<td><strong><span style=\"color: #ff0000;\">T\u00f6ging<\/span><\/strong><\/td>\n<td><strong><span style=\"color: #ff0000;\">Suizidandrohung<\/span><\/strong><\/td>\n<td>\u00a0<a href=\"http:\/\/neu.wasserwacht-toeging.de\/?page_id=1021\">Bericht<\/a><\/td>\n<\/tr>\n<tr>\n<td><strong><span style=\"color: #ff0000;\">123<\/span><\/strong><\/td>\n<td><strong><span style=\"color: #ff0000;\">07.07.15<\/span><\/strong><br \/>\n<strong><span style=\"color: #ff0000;\"> 06:25<\/span><\/strong><\/td>\n<td><strong><span style=\"color: #ff0000;\">SEG-Einsatz<\/span><\/strong><\/td>\n<td><strong><span style=\"color: #ff0000;\">Innkanal<\/span><\/strong><\/td>\n<td><strong><span style=\"color: #ff0000;\">T\u00f6ging &#8211; M\u00fchldorf<\/span><\/strong><\/td>\n<td><strong><span style=\"color: #ff0000;\">Person im Innkanal<\/span><\/strong><\/td>\n<td>\u00a0<a href=\"http:\/\/neu.wasserwacht-toeging.de\/?page_id=1018\">Bericht<\/a><\/td>\n<\/tr>\n<tr>\n<td>122<\/td>\n<td>04.07.15<br \/>\n14:40<\/td>\n<td>Notarzteinsatz Freibad<\/td>\n<td>Freibad Hubm\u00fchle<\/td>\n<td>T\u00f6ging<\/td>\n<td>Internistischer Notfall<\/td>\n<td>\u00a0<a href=\"http:\/\/neu.wasserwacht-toeging.de\/?page_id=1014\">Bericht<\/a><\/td>\n<\/tr>\n<tr>\n<td colspan=\"7\"><strong>Juni 2015<\/strong><\/td>\n<\/tr>\n<tr>\n<td>035-<br \/>\n121<\/td>\n<td>01.06.15<br \/>\nbis<br \/>\n30.06.15<\/td>\n<td>Wachdienst<\/td>\n<td>Freibad<br \/>\nHubm\u00fchle<\/td>\n<td>T\u00f6ging<\/td>\n<td>Erste Hilfe-<br \/>\nLeistungen Monat Juni<\/td>\n<td><\/td>\n<\/tr>\n<tr>\n<td>034<\/td>\n<td>29.06.15 18:00<\/td>\n<td>Notarzteinsatz Freibad<\/td>\n<td>Freibad Hubm\u00fchle<\/td>\n<td>T\u00f6ging<\/td>\n<td>Internistischer Notfall<\/td>\n<td><a href=\"http:\/\/neu.wasserwacht-toeging.de\/?page_id=1004\">Bericht<\/a><\/td>\n<\/tr>\n<tr>\n<td>030- 033<\/td>\n<td>13.06.15 08:00<\/td>\n<td>Sanit\u00e4tsdienst<\/td>\n<td>Freibad Hubm\u00fchle\/ Mehrzweckhalle\/ Regenbogen-schule<\/td>\n<td>T\u00f6ging<\/td>\n<td>Turnjugendfest<\/td>\n<td><a href=\"http:\/\/neu.wasserwacht-toeging.de\/?page_id=954\">Bericht<\/a><\/td>\n<\/tr>\n<tr>\n<td colspan=\"7\"><strong>Mai 2015<\/strong><\/td>\n<\/tr>\n<tr>\n<td>014- 029<\/td>\n<td>01.05.15 bis 31.05.15<\/td>\n<td>Wachdienst<\/td>\n<td>Freibad Hubm\u00fchle<\/td>\n<td>T\u00f6ging<\/td>\n<td>Erste Hilfe-Leistungen Monat Mai<\/td>\n<td><\/td>\n<\/tr>\n<tr>\n<td>013<\/td>\n<td>22.05.15 13:00<\/td>\n<td>Sozialdienst<\/td>\n<td>Turnhalle<\/td>\n<td>Winh\u00f6ring<\/td>\n<td>Senioren-nachmittag<\/td>\n<td><a href=\"http:\/\/neu.wasserwacht-toeging.de\/?page_id=934\">Bericht<\/a><\/td>\n<\/tr>\n<tr>\n<td>012<\/td>\n<td>01.05.15 10:00<\/td>\n<td>Sanit\u00e4tsdienst<\/td>\n<td>Schloss Frauenb\u00fchl<\/td>\n<td>Winh\u00f6ring<\/td>\n<td>Gartentage<\/td>\n<td><a href=\"http:\/\/neu.wasserwacht-toeging.de\/?page_id=840\">Bericht<\/a><\/td>\n<\/tr>\n<tr>\n<td colspan=\"7\"><strong>April 2015<\/strong><\/td>\n<\/tr>\n<tr>\n<td><strong><span style=\"color: #ff0000;\">011<\/span><\/strong><\/td>\n<td><strong><span style=\"color: #ff0000;\">29.04.15 07:09<\/span><\/strong><\/td>\n<td><strong><span style=\"color: #ff0000;\">SEG-Einsatz<\/span><\/strong><\/td>\n<td><strong><span style=\"color: #ff0000;\">Innkanal<\/span><\/strong><\/td>\n<td><strong><span style=\"color: #ff0000;\">T\u00f6ging<\/span><\/strong><\/td>\n<td><strong><span style=\"color: #ff0000;\">Reh im Innkanal<\/span><\/strong><\/td>\n<td><a title=\"Bericht\" href=\"http:\/\/neu.wasserwacht-toeging.de\/?page_id=799\">Bericht<\/a><\/td>\n<\/tr>\n<tr>\n<td><strong><span style=\"color: #ff0000;\">010<\/span><\/strong><\/td>\n<td><strong><span style=\"color: #ff0000;\">18.04.15 11:00<\/span><\/strong><\/td>\n<td><strong><span style=\"color: #ff0000;\">SEG-Einsatz<\/span><\/strong><\/td>\n<td><strong><span style=\"color: #ff0000;\">Inn<\/span><\/strong><\/td>\n<td><strong><span style=\"color: #ff0000;\">Neu\u00f6tting-T\u00f6ging<\/span><\/strong><\/td>\n<td><strong><span style=\"color: #ff0000;\">Absicherung einer Veranstaltung<\/span><\/strong><\/td>\n<td><a title=\"Bericht\" href=\"http:\/\/neu.wasserwacht-toeging.de\/?page_id=779\">Bericht<\/a><\/td>\n<\/tr>\n<tr>\n<td colspan=\"7\"><strong>Februar 2015<\/strong><\/td>\n<\/tr>\n<tr>\n<td>009<\/td>\n<td>15.02.15 13:30<\/td>\n<td>Sanit\u00e4tsdienst<\/td>\n<td>Mehrzweckhalle<\/td>\n<td>T\u00f6ging<\/td>\n<td>Kinderfasching<\/td>\n<td><a title=\"Bericht\" href=\"http:\/\/neu.wasserwacht-toeging.de\/?page_id=468\">Bericht<\/a><\/td>\n<\/tr>\n<tr>\n<td>002- 008<\/td>\n<td>07.02.15 12:00<\/td>\n<td>Sanit\u00e4tsdienst<\/td>\n<td>Mehrzweckhalle<\/td>\n<td>T\u00f6ging<\/td>\n<td>Tanzveranstaltung<\/td>\n<td><a title=\"Eins\u00e4tze 002-008 2015\" href=\"http:\/\/neu.wasserwacht-toeging.de\/?page_id=261\">Bericht<\/a><\/td>\n<\/tr>\n<tr>\n<td colspan=\"7\"><strong>Januar 2015<\/strong><\/td>\n<\/tr>\n<tr>\n<td><strong><span style=\"color: #ff0000;\">001<\/span><\/strong><\/td>\n<td><strong><span style=\"color: #ff0000;\">14.01.15 01:35<\/span><\/strong><\/td>\n<td><strong><span style=\"color: #ff0000;\">SEG-Einsatz<\/span><\/strong><\/td>\n<td><strong><span style=\"color: #ff0000;\">Innkanal<\/span><\/strong><\/td>\n<td><strong><span style=\"color: #ff0000;\">Waldkraiburg<\/span><\/strong><\/td>\n<td><strong><span style=\"color: #ff0000;\">Suizidandrohung<\/span><\/strong><\/td>\n<td><a title=\"Bericht\" href=\"http:\/\/neu.wasserwacht-toeging.de\/?page_id=94\">Bericht<\/a><\/td>\n<\/tr>\n<\/tbody>\n<\/table>\n<p>&nbsp;<\/p>\n","protected":false},"excerpt":{"rendered":"<p>&nbsp; Dezember 2015 475 23.12.15 Fl\u00fcchtlings- hilfe Sonderzug Passau nach Hannover Begleitung Fl\u00fcchtlings- Sonderzug 474 12.12.15 SEG-Einsatz Isenkanal Winh\u00f6ring Tierrettung Oktober 2015 473 19.10.15 Fl\u00fcchtlings- hilfe Sonderzug Passau nach Flughafen K\u00f6ln\/Bonn Begleitung Fl\u00fcchtlings-Sonderzug September 2015 472 20.09.15 Wachdienst Kreishallenbad Neu\u00f6tting&#46;&#46;&#46;<\/p>\n","protected":false},"author":1,"featured_media":0,"parent":0,"menu_order":0,"comment_status":"closed","ping_status":"closed","template":"","meta":{"footnotes":""},"class_list":["post-86","page","type-page","status-publish","hentry"],"_links":{"self":[{"href":"https:\/\/www.wasserwacht-toeging.de\/index.php?rest_route=\/wp\/v2\/pages\/86","targetHints":{"allow":["GET"]}}],"collection":[{"href":"https:\/\/www.wasserwacht-toeging.de\/index.php?rest_route=\/wp\/v2\/pages"}],"about":[{"href":"https:\/\/www.wasserwacht-toeging.de\/index.php?rest_route=\/wp\/v2\/types\/page"}],"author":[{"embeddable":true,"href":"https:\/\/www.wasserwacht-toeging.de\/index.php?rest_route=\/wp\/v2\/users\/1"}],"replies":[{"embeddable":true,"href":"https:\/\/www.wasserwacht-toeging.de\/index.php?rest_route=%2Fwp%2Fv2%2Fcomments&post=86"}],"version-history":[{"count":47,"href":"https:\/\/www.wasserwacht-toeging.de\/index.php?rest_route=\/wp\/v2\/pages\/86\/revisions"}],"predecessor-version":[{"id":1715,"href":"https:\/\/www.wasserwacht-toeging.de\/index.php?rest_route=\/wp\/v2\/pages\/86\/revisions\/1715"}],"wp:attachment":[{"href":"https:\/\/www.wasserwacht-toeging.de\/index.php?rest_route=%2Fwp%2Fv2%2Fmedia&parent=86"}],"curies":[{"name":"wp","href":"https:\/\/api.w.org\/{rel}","templated":true}]}}